CRAN Package Check Results for Package spatialEco

Last updated on 2017-12-16 00:47:27 CET.

Flavor Version Tinstall Tcheck Ttotal Status Flags
r-devel-linux-x86_64-debian-clang 1.0-0 2.28 132.27 134.55 OK
r-devel-linux-x86_64-debian-gcc 1.0-0 2.52 95.84 98.36 OK
r-devel-linux-x86_64-fedora-clang 1.0-0 147.03 NOTE
r-devel-linux-x86_64-fedora-gcc 1.0-0 144.54 NOTE
r-devel-windows-ix86+x86_64 1.0-0 8.00 125.00 133.00 OK
r-patched-linux-x86_64 1.0-0 3.10 129.26 132.36 OK
r-patched-solaris-x86 1.0-0 199.30 NOTE
r-release-linux-x86_64 1.0-0 2.69 130.09 132.78 OK
r-release-windows-ix86+x86_64 1.0-0 7.00 130.00 137.00 OK
r-release-osx-x86_64 1.0-0 NOTE
r-oldrel-windows-ix86+x86_64 0.1-7 8.00 134.00 142.00 OK
r-oldrel-osx-x86_64 1.0-0 ERROR

Check Details

Version: 1.0-0
Check: dependencies in R code
Result: NOTE
    Namespace in Imports field not imported from: ‘rgdal’
     All declared Imports should be used.
Flavors: r-devel-linux-x86_64-fedora-clang, r-devel-linux-x86_64-fedora-gcc, r-patched-solaris-x86, r-release-osx-x86_64

Version: 1.0-0
Check: whether package can be installed
Result: ERROR
    Installation failed.
Flavor: r-oldrel-osx-x86_64