CRAN Package Check Results for Package sparcl

Last updated on 2018-11-18 10:50:17 CET.

Flavor Version Tinstall Tcheck Ttotal Status Flags
r-devel-linux-x86_64-debian-clang 1.0.4 2.03 27.61 29.64 OK
r-devel-linux-x86_64-debian-gcc 1.0.4 2.01 21.71 23.72 OK
r-devel-linux-x86_64-fedora-clang 1.0.4 36.33 NOTE
r-devel-linux-x86_64-fedora-gcc 1.0.4 34.11 NOTE
r-devel-windows-ix86+x86_64 1.0.4 10.00 53.00 63.00 OK
r-patched-linux-x86_64 1.0.4 2.27 25.42 27.69 OK
r-patched-solaris-x86 1.0.4 71.40 OK
r-release-linux-x86_64 1.0.4 1.89 26.08 27.97 OK
r-release-windows-ix86+x86_64 1.0.4 10.00 72.00 82.00 OK
r-release-osx-x86_64 1.0.4 OK
r-oldrel-windows-ix86+x86_64 1.0.4 5.00 69.00 74.00 OK
r-oldrel-osx-x86_64 1.0.4 OK

Check Details

Version: 1.0.4
Check: compiled code
Result: NOTE
    File ‘sparcl/libs/sparcl.so’:
     Found no calls to: ‘R_registerRoutines’, ‘R_useDynamicSymbols’
    
    It is good practice to register native routines and to disable symbol
    search.
    
    See ‘Writing portable packages’ in the ‘Writing R Extensions’ manual.
Flavors: r-devel-linux-x86_64-fedora-clang, r-devel-linux-x86_64-fedora-gcc