CRAN Package Check Results for Package spTDyn

Last updated on 2020-01-22 14:48:54 CET.

Flavor Version Tinstall Tcheck Ttotal Status Flags
r-devel-linux-x86_64-debian-clang 2.0 17.94 68.67 86.61 OK
r-devel-linux-x86_64-debian-gcc 2.0 14.94 52.50 67.44 OK
r-devel-linux-x86_64-fedora-clang 2.0 108.50 OK
r-devel-linux-x86_64-fedora-gcc 2.0 112.12 OK
r-devel-windows-ix86+x86_64 2.0 49.00 96.00 145.00 OK
r-devel-windows-ix86+x86_64-gcc8 2.0 52.00 184.00 236.00 OK
r-patched-linux-x86_64 2.0 15.82 60.30 76.12 NOTE
r-patched-solaris-x86 2.0 137.40 OK
r-release-linux-x86_64 2.0 13.68 60.19 73.87 NOTE
r-release-windows-ix86+x86_64 2.0 41.00 118.00 159.00 OK
r-release-osx-x86_64 2.0 OK
r-oldrel-windows-ix86+x86_64 2.0 31.00 98.00 129.00 OK
r-oldrel-osx-x86_64 2.0 OK

Check Details

Version: 2.0
Check: DESCRIPTION meta-information
Result: NOTE
    Dependence on R version ‘3.4.1’ not with patchlevel 0
Flavors: r-patched-linux-x86_64, r-release-linux-x86_64