CRAN Package Check Results for Package sourceR

Last updated on 2018-10-20 09:55:27 CEST.

Flavor Version Tinstall Tcheck Ttotal Status Flags
r-devel-linux-x86_64-debian-clang 1.0.1 20.56 75.10 95.66 OK
r-devel-linux-x86_64-debian-gcc 1.0.1 14.29 57.84 72.13 OK
r-devel-linux-x86_64-fedora-clang 1.0.1 114.28 NOTE
r-devel-linux-x86_64-fedora-gcc 1.0.1 112.97 NOTE
r-devel-windows-ix86+x86_64 1.0.1 29.00 121.00 150.00 OK
r-patched-linux-x86_64 1.0.1 16.10 67.98 84.08 OK
r-patched-solaris-x86 1.0.1 138.50 NOTE
r-release-linux-x86_64 1.0.1 18.25 68.25 86.50 OK
r-release-windows-ix86+x86_64 1.0.1 28.00 116.00 144.00 OK
r-release-osx-x86_64 1.0.1 NOTE
r-oldrel-windows-ix86+x86_64 1.0.1 5.00 116.00 121.00 OK
r-oldrel-osx-x86_64 1.0.1 NOTE

Check Details

Version: 1.0.1
Check: dependencies in R code
Result: NOTE
    Namespaces in Imports field not imported from:
     ‘gtools’ ‘hashmap’ ‘reshape2’
     All declared Imports should be used.
Flavors: r-devel-linux-x86_64-fedora-clang, r-devel-linux-x86_64-fedora-gcc, r-patched-solaris-x86, r-release-osx-x86_64, r-oldrel-osx-x86_64