CRAN Package Check Results for Package sourceR

Last updated on 2017-12-15 10:48:38 CET.

Flavor Version Tinstall Tcheck Ttotal Status Flags
r-devel-linux-x86_64-debian-clang 1.0.1 2.16 63.28 65.44 OK
r-devel-linux-x86_64-debian-gcc 1.0.1 2.20 57.37 59.57 OK
r-devel-linux-x86_64-fedora-clang 1.0.1 91.84 NOTE
r-devel-linux-x86_64-fedora-gcc 1.0.1 86.77 NOTE
r-devel-windows-ix86+x86_64 1.0.1 6.00 85.00 91.00 OK
r-patched-linux-x86_64 1.0.1 2.25 72.61 74.86 OK
r-patched-solaris-x86 1.0.1 104.90 NOTE
r-release-linux-x86_64 1.0.1 2.80 71.53 74.33 OK
r-release-windows-ix86+x86_64 1.0.1 5.00 80.00 85.00 OK
r-release-osx-x86_64 1.0.1 NOTE
r-oldrel-windows-ix86+x86_64 1.0.0 5.00 77.00 82.00 OK
r-oldrel-osx-x86_64 1.0.1 ERROR

Check Details

Version: 1.0.1
Check: dependencies in R code
Result: NOTE
    Namespaces in Imports field not imported from:
     ‘gtools’ ‘hashmap’ ‘reshape2’
     All declared Imports should be used.
Flavors: r-devel-linux-x86_64-fedora-clang, r-devel-linux-x86_64-fedora-gcc, r-patched-solaris-x86, r-release-osx-x86_64

Version: 1.0.1
Check: whether package can be installed
Result: ERROR
    Installation failed.
Flavor: r-oldrel-osx-x86_64