CRAN Package Check Results for Package sourceR

Last updated on 2018-07-21 14:47:49 CEST.

Flavor Version Tinstall Tcheck Ttotal Status Flags
r-devel-linux-x86_64-debian-clang 1.0.1 14.20 72.38 86.58 OK
r-devel-linux-x86_64-debian-gcc 1.0.1 11.71 55.44 67.15 OK
r-devel-linux-x86_64-fedora-clang 1.0.1 109.36 NOTE
r-devel-linux-x86_64-fedora-gcc 1.0.1 104.01 NOTE
r-devel-windows-ix86+x86_64 1.0.1 27.00 90.00 117.00 OK
r-patched-linux-x86_64 1.0.1 OK
r-patched-solaris-x86 1.0.1 132.90 NOTE
r-release-linux-x86_64 1.0.1 15.26 68.64 83.90 OK
r-release-windows-ix86+x86_64 1.0.1 26.00 96.00 122.00 OK
r-release-osx-x86_64 1.0.1 NOTE
r-oldrel-windows-ix86+x86_64 1.0.1 8.00 122.00 130.00 OK
r-oldrel-osx-x86_64 1.0.1 NOTE

Check Details

Version: 1.0.1
Check: dependencies in R code
Result: NOTE
    Namespaces in Imports field not imported from:
     ‘gtools’ ‘hashmap’ ‘reshape2’
     All declared Imports should be used.
Flavors: r-devel-linux-x86_64-fedora-clang, r-devel-linux-x86_64-fedora-gcc, r-patched-solaris-x86, r-release-osx-x86_64, r-oldrel-osx-x86_64