CRAN Package Check Results for Package soptdmaeA

Last updated on 2019-09-19 16:48:11 CEST.

Flavor Version Tinstall Tcheck Ttotal Status Flags
r-devel-linux-x86_64-debian-clang 1.0.0 8.81 59.54 68.35 OK
r-devel-linux-x86_64-debian-gcc 1.0.0 7.51 48.00 55.51 OK
r-devel-linux-x86_64-fedora-clang 1.0.0 85.51 OK
r-devel-linux-x86_64-fedora-gcc 1.0.0 86.11 OK
r-devel-windows-ix86+x86_64 1.0.0 22.00 68.00 90.00 OK
r-patched-linux-x86_64 1.0.0 9.12 59.28 68.40 OK
r-patched-solaris-x86 1.0.0 131.50 OK
r-release-linux-x86_64 1.0.0 7.79 59.76 67.55 OK
r-release-windows-ix86+x86_64 1.0.0 15.00 99.00 114.00 OK
r-release-osx-x86_64 1.0.0 FAIL
r-oldrel-windows-ix86+x86_64 1.0.0 9.00 65.00 74.00 OK
r-oldrel-osx-x86_64 1.0.0 OK

Check Details

Version: 1.0.0
Check: whether package can be installed
Result: FAIL
    
Flavor: r-release-osx-x86_64