CRAN Package Check Results for Package som

Last updated on 2017-12-14 18:48:52 CET.

Flavor Version Tinstall Tcheck Ttotal Status Flags
r-devel-linux-x86_64-debian-clang 0.3-5.1 2.29 13.31 15.60 FAIL
r-devel-linux-x86_64-debian-gcc 0.3-5.1 1.81 12.43 14.24 FAIL
r-devel-linux-x86_64-fedora-clang 0.3-5.1 28.43 NOTE
r-devel-linux-x86_64-fedora-gcc 0.3-5.1 26.14 NOTE
r-devel-windows-ix86+x86_64 0.3-5.1 12.00 40.00 52.00 OK
r-patched-linux-x86_64 0.3-5.1 2.44 19.20 21.64 NOTE
r-patched-solaris-x86 0.3-5.1 40.40 OK
r-release-linux-x86_64 0.3-5.1 2.23 19.37 21.60 NOTE
r-release-windows-ix86+x86_64 0.3-5.1 9.00 43.00 52.00 OK
r-release-osx-x86_64 0.3-5.1 OK
r-oldrel-windows-ix86+x86_64 0.3-5.1 9.00 33.00 42.00 OK
r-oldrel-osx-x86_64 0.3-5.1 OK

Check Details

Version: 0.3-5.1
Check: pragmas in C/C++ headers and code
Result: FAIL
    
Flavors: r-devel-linux-x86_64-debian-clang, r-devel-linux-x86_64-debian-gcc

Version: 0.3-5.1
Check: compiled code
Result: NOTE
    File ‘som/libs/som.so’:
     Found no calls to: ‘R_registerRoutines’, ‘R_useDynamicSymbols’
    
    It is good practice to register native routines and to disable symbol
    search.
    
    See ‘Writing portable packages’ in the ‘Writing R Extensions’ manual.
Flavors: r-devel-linux-x86_64-fedora-clang, r-devel-linux-x86_64-fedora-gcc, r-patched-linux-x86_64, r-release-linux-x86_64