CRAN Package Check Results for Package skmeans

Last updated on 2018-10-20 10:49:09 CEST.

Flavor Version Tinstall Tcheck Ttotal Status Flags
r-devel-linux-x86_64-debian-clang 0.2-11 2.38 32.66 35.04 NOTE
r-devel-linux-x86_64-debian-gcc 0.2-11 1.52 25.94 27.46 NOTE
r-devel-linux-x86_64-fedora-clang 0.2-11 41.52 NOTE
r-devel-linux-x86_64-fedora-gcc 0.2-11 38.98 NOTE
r-devel-windows-ix86+x86_64 0.2-11 9.00 42.00 51.00 NOTE
r-patched-linux-x86_64 0.2-11 2.14 29.48 31.62 NOTE
r-patched-solaris-x86 0.2-11 59.60 NOTE
r-release-linux-x86_64 0.2-11 2.20 29.97 32.17 NOTE
r-release-windows-ix86+x86_64 0.2-11 6.00 52.00 58.00 NOTE
r-release-osx-x86_64 0.2-11 NOTE
r-oldrel-windows-ix86+x86_64 0.2-11 4.00 56.00 60.00 NOTE
r-oldrel-osx-x86_64 0.2-11 NOTE

Check Details

Version: 0.2-11
Check: package dependencies
Result: NOTE
    Package which this enhances but not available for checking: ‘kmndirs’
Flavors: r-devel-linux-x86_64-debian-clang, r-devel-linux-x86_64-debian-gcc, r-devel-linux-x86_64-fedora-clang, r-devel-linux-x86_64-fedora-gcc, r-devel-windows-ix86+x86_64, r-patched-linux-x86_64, r-patched-solaris-x86, r-release-linux-x86_64, r-release-windows-ix86+x86_64, r-release-osx-x86_64, r-oldrel-windows-ix86+x86_64, r-oldrel-osx-x86_64

Version: 0.2-11
Check: dependencies in R code
Result: NOTE
    Unavailable namespace imported from by a ':::' call: ‘kmndirs’
     See the note in ?`:::` about the use of this operator.
Flavors: r-devel-linux-x86_64-debian-clang, r-devel-linux-x86_64-debian-gcc, r-devel-linux-x86_64-fedora-clang, r-devel-linux-x86_64-fedora-gcc, r-devel-windows-ix86+x86_64, r-patched-linux-x86_64, r-patched-solaris-x86, r-release-linux-x86_64, r-release-windows-ix86+x86_64, r-release-osx-x86_64, r-oldrel-windows-ix86+x86_64, r-oldrel-osx-x86_64