CRAN Package Check Results for Package sjPlot

Last updated on 2017-12-13 10:47:16 CET.

Flavor Version Tinstall Tcheck Ttotal Status Flags
r-devel-linux-x86_64-debian-clang 2.4.0 8.24 404.36 412.60 OK
r-devel-linux-x86_64-debian-gcc 2.4.0 7.64 305.74 313.38 OK
r-devel-linux-x86_64-fedora-clang 2.4.0 456.62 NOTE
r-devel-linux-x86_64-fedora-gcc 2.4.0 465.29 NOTE
r-devel-windows-ix86+x86_64 2.4.0 31.00 499.00 530.00 OK
r-patched-linux-x86_64 2.4.0 9.45 421.76 431.21 OK
r-patched-solaris-x86 2.4.0 628.20 NOTE
r-release-linux-x86_64 2.4.0 9.95 424.61 434.56 OK
r-release-windows-ix86+x86_64 2.4.0 22.00 397.00 419.00 OK
r-release-osx-x86_64 2.4.0 NOTE
r-oldrel-windows-ix86+x86_64 2.4.0 40.00 476.00 516.00 OK
r-oldrel-osx-x86_64 2.4.0 NOTE

Check Details

Version: 2.4.0
Check: dependencies in R code
Result: NOTE
    Namespace in Imports field not imported from: ‘prediction’
     All declared Imports should be used.
Flavors: r-devel-linux-x86_64-fedora-clang, r-devel-linux-x86_64-fedora-gcc, r-patched-solaris-x86, r-release-osx-x86_64, r-oldrel-osx-x86_64