CRAN Package Check Results for Package sisal

Last updated on 2019-09-22 18:47:48 CEST.

Flavor Version Tinstall Tcheck Ttotal Status Flags
r-devel-linux-x86_64-debian-clang 0.46 14.14 107.86 122.00 OK
r-devel-linux-x86_64-debian-gcc 0.46 12.26 83.94 96.20 OK
r-devel-linux-x86_64-fedora-clang 0.46 156.64 OK
r-devel-linux-x86_64-fedora-gcc 0.46 160.10 OK
r-devel-windows-ix86+x86_64 0.46 33.00 116.00 149.00 OK
r-patched-linux-x86_64 0.46 13.49 105.05 118.54 OK
r-patched-solaris-x86 0.46 203.90 OK
r-release-linux-x86_64 0.46 14.17 107.40 121.57 OK
r-release-windows-ix86+x86_64 0.46 22.00 108.00 130.00 OK
r-release-osx-x86_64 0.46 NOTE
r-oldrel-windows-ix86+x86_64 0.46 13.00 105.00 118.00 OK
r-oldrel-osx-x86_64 0.46 OK

Check Details

Version: 0.46
Check: package dependencies
Result: NOTE
    Packages suggested but not available for checking: 'graph', 'Rgraphviz'
Flavor: r-release-osx-x86_64

Version: 0.46
Check: Rd cross-references
Result: NOTE
    Packages unavailable to check Rd xrefs: ‘Rgraphviz’, ‘graph’
Flavor: r-release-osx-x86_64