CRAN Package Check Results for Package simecol

Last updated on 2019-07-16 07:51:05 CEST.

Flavor Version Tinstall Tcheck Ttotal Status Flags
r-devel-linux-x86_64-debian-clang 0.8-12 6.65 78.90 85.55 NOTE
r-devel-linux-x86_64-debian-gcc 0.8-12 5.68 60.96 66.64 NOTE
r-devel-linux-x86_64-fedora-clang 0.8-13 106.59 OK
r-devel-linux-x86_64-fedora-gcc 0.8-13 57.62 OK
r-devel-windows-ix86+x86_64 0.8-13 21.00 166.00 187.00 OK
r-patched-linux-x86_64 0.8-12 8.92 77.71 86.63 OK
r-patched-solaris-x86 0.8-13 127.70 OK
r-release-linux-x86_64 0.8-12 7.36 77.77 85.13 OK
r-release-windows-ix86+x86_64 0.8-12 17.00 164.00 181.00 OK
r-release-osx-x86_64 0.8-12 OK
r-oldrel-windows-ix86+x86_64 0.8-12 17.00 128.00 145.00 OK
r-oldrel-osx-x86_64 0.8-12 OK

Check Details

Version: 0.8-12
Check: for non-standard things in the check directory
Result: NOTE
    Found the following files/directories:
     'lv-list.R' 'lv.Rdata'
Flavors: r-devel-linux-x86_64-debian-clang, r-devel-linux-x86_64-debian-gcc