CRAN Package Check Results for Package sigQC

Last updated on 2018-05-27 06:47:15 CEST.

Flavor Version Tinstall Tcheck Ttotal Status Flags
r-devel-linux-x86_64-debian-clang 0.1.14 4.90 36.36 41.26 OK
r-devel-linux-x86_64-debian-gcc 0.1.14 3.17 28.35 31.52 OK
r-devel-linux-x86_64-fedora-clang 0.1.14 48.31 NOTE
r-devel-linux-x86_64-fedora-gcc 0.1.14 46.71 NOTE
r-devel-windows-ix86+x86_64 0.1.14 7.00 56.00 63.00 OK
r-patched-linux-x86_64 0.1.14 4.31 33.95 38.26 OK
r-patched-solaris-x86 0.1.14 67.50 NOTE
r-release-linux-x86_64 0.1.14 4.51 34.20 38.71 OK
r-release-windows-ix86+x86_64 0.1.14 11.00 64.00 75.00 OK
r-release-osx-x86_64 0.1.14 NOTE
r-oldrel-windows-ix86+x86_64 0.1.14 5.00 53.00 58.00 OK
r-oldrel-osx-x86_64 0.1.14 NOTE

Check Details

Version: 0.1.14
Check: dependencies in R code
Result: NOTE
    Namespaces in Imports field not imported from:
     ‘KernSmooth’ ‘MASS’ ‘class’ ‘cluster’ ‘lattice’ ‘nnet’
     All declared Imports should be used.
Flavors: r-devel-linux-x86_64-fedora-clang, r-devel-linux-x86_64-fedora-gcc, r-patched-solaris-x86, r-release-osx-x86_64, r-oldrel-osx-x86_64