CRAN Package Check Results for Package sigQC

Last updated on 2018-11-18 10:50:16 CET.

Flavor Version Tinstall Tcheck Ttotal Status Flags
r-devel-linux-x86_64-debian-clang 0.1.21 4.76 39.26 44.02 OK
r-devel-linux-x86_64-debian-gcc 0.1.21 4.47 31.03 35.50 OK
r-devel-linux-x86_64-fedora-clang 0.1.21 51.01 NOTE
r-devel-linux-x86_64-fedora-gcc 0.1.21 49.67 NOTE
r-devel-windows-ix86+x86_64 0.1.21 11.00 49.00 60.00 OK
r-patched-linux-x86_64 0.1.21 3.87 37.02 40.89 OK
r-patched-solaris-x86 0.1.21 73.20 NOTE
r-release-linux-x86_64 0.1.21 3.63 37.67 41.30 OK
r-release-windows-ix86+x86_64 0.1.21 10.00 55.00 65.00 OK
r-release-osx-x86_64 0.1.21 NOTE
r-oldrel-windows-ix86+x86_64 0.1.21 4.00 65.00 69.00 OK
r-oldrel-osx-x86_64 0.1.21 NOTE

Check Details

Version: 0.1.21
Check: dependencies in R code
Result: NOTE
    Namespaces in Imports field not imported from:
     ‘KernSmooth’ ‘MASS’ ‘class’ ‘cluster’ ‘lattice’ ‘nnet’
     All declared Imports should be used.
Flavors: r-devel-linux-x86_64-fedora-clang, r-devel-linux-x86_64-fedora-gcc, r-patched-solaris-x86, r-release-osx-x86_64, r-oldrel-osx-x86_64