CRAN Package Check Results for Package sigQC

Last updated on 2017-12-14 09:47:37 CET.

Flavor Version Tinstall Tcheck Ttotal Status Flags
r-devel-linux-x86_64-debian-clang 0.1.11 0.77 27.04 27.81 OK
r-devel-linux-x86_64-debian-gcc 0.1.11 0.55 25.64 26.19 OK
r-devel-linux-x86_64-fedora-clang 0.1.11 36.08 NOTE
r-devel-linux-x86_64-fedora-gcc 0.1.11 35.03 NOTE
r-devel-windows-ix86+x86_64 0.1.11 5.00 41.00 46.00 OK
r-patched-linux-x86_64 0.1.11 0.74 30.89 31.63 OK
r-patched-solaris-x86 0.1.11 48.60 NOTE
r-release-linux-x86_64 0.1.11 0.79 30.25 31.04 OK
r-release-windows-ix86+x86_64 0.1.11 3.00 41.00 44.00 OK
r-release-osx-x86_64 0.1.11 ERROR
r-oldrel-windows-ix86+x86_64 0.1.11 3.00 50.00 53.00 OK
r-oldrel-osx-x86_64 0.1.11 NOTE

Check Details

Version: 0.1.11
Check: dependencies in R code
Result: NOTE
    Namespaces in Imports field not imported from:
     ‘KernSmooth’ ‘MASS’ ‘class’ ‘cluster’ ‘lattice’ ‘nnet’
     All declared Imports should be used.
Flavors: r-devel-linux-x86_64-fedora-clang, r-devel-linux-x86_64-fedora-gcc, r-patched-solaris-x86, r-oldrel-osx-x86_64

Version: 0.1.11
Check: package dependencies
Result: ERROR
    Packages required but not available:
     ‘gridGraphics’ ‘ComplexHeatmap’ ‘RankProd’
    
    See section ‘The DESCRIPTION file’ in the ‘Writing R Extensions’
    manual.
Flavor: r-release-osx-x86_64