CRAN Package Check Results for Package sidier

Last updated on 2019-09-20 01:47:55 CEST.

Flavor Version Tinstall Tcheck Ttotal Status Flags
r-devel-linux-x86_64-debian-clang 4.0.3 11.87 82.09 93.96 NOTE
r-devel-linux-x86_64-debian-gcc 4.0.3 9.32 61.81 71.13 NOTE
r-devel-linux-x86_64-fedora-clang 4.0.3 112.54 NOTE
r-devel-linux-x86_64-fedora-gcc 4.0.3 109.39 NOTE
r-devel-windows-ix86+x86_64 4.0.3 34.00 88.00 122.00 OK
r-patched-linux-x86_64 4.0.3 10.05 80.64 90.69 OK
r-patched-solaris-x86 4.0.3 147.90 OK
r-release-linux-x86_64 4.0.3 11.93 81.85 93.78 OK
r-release-windows-ix86+x86_64 4.0.3 22.00 141.00 163.00 OK
r-release-osx-x86_64 4.0.3 OK
r-oldrel-windows-ix86+x86_64 4.0.3 17.00 94.00 111.00 OK
r-oldrel-osx-x86_64 4.0.3 OK

Check Details

Version: 4.0.3
Check: for non-standard things in the check directory
Result: NOTE
    Found the following files/directories:
     '3_FindHaplo_Example2_modified.txt'
     '4_Example3_HapPerPop_Weighted.txt'
     '4_Example3_IndelDistanceMatrixMullerMod.txt'
     '4_FindHaplo_Example2_modified.txt' 'FindHaplo.txt'
     'Haplotypes_DefaultNames.txt' 'Haplotypes_sequentialNames.txt'
     'Interaction.txt' 'Modules_summary.txt'
     'NINA.ThresholdEstimation.txt' 'NINA_Network.pdf' 'Network.pdf'
     'PercThr Estimation.pdf' 'PercThresholdEstimation.txt'
     'PercolatedNetwork.pdf' 'PopulationDistances.r.txt' 'Weighted.txt'
     'ex1.fas' 'ex2.2.fas' 'ex2.fas' 'ex2_unique.fas' 'ex3.fas'
     'simulated_sequences_rep1.fas' 'simulated_sequences_rep2.fas'
     'simulated_sequences_tips_rep1.fas'
     'simulated_sequences_tips_rep2.fas'
Flavors: r-devel-linux-x86_64-debian-clang, r-devel-linux-x86_64-debian-gcc, r-devel-linux-x86_64-fedora-clang, r-devel-linux-x86_64-fedora-gcc