CRAN Package Check Results for Package shinyBS

Last updated on 2019-09-15 13:47:26 CEST.

Flavor Version Tinstall Tcheck Ttotal Status Flags
r-devel-linux-x86_64-debian-clang 0.61 3.20 25.98 29.18 NOTE
r-devel-linux-x86_64-debian-gcc 0.61 2.68 21.47 24.15 NOTE
r-devel-linux-x86_64-fedora-clang 0.61 35.27 NOTE
r-devel-linux-x86_64-fedora-gcc 0.61 34.80 NOTE
r-devel-windows-ix86+x86_64 0.61 14.00 42.00 56.00 NOTE
r-patched-linux-x86_64 0.61 2.48 26.24 28.72 NOTE
r-patched-solaris-x86 0.61 54.80 NOTE
r-release-linux-x86_64 0.61 2.83 25.91 28.74 NOTE
r-release-windows-ix86+x86_64 0.61 8.00 40.00 48.00 NOTE
r-release-osx-x86_64 0.61 NOTE
r-oldrel-windows-ix86+x86_64 0.61 6.00 40.00 46.00 NOTE
r-oldrel-osx-x86_64 0.61 NOTE

Check Details

Version: 0.61
Check: R code for possible problems
Result: NOTE
    popify: no visible global function definition for 'runif'
    tipify: no visible global function definition for 'runif'
    Undefined global functions or variables:
     runif
    Consider adding
     importFrom("stats", "runif")
    to your NAMESPACE file.
Flavors: r-devel-linux-x86_64-debian-clang, r-devel-linux-x86_64-debian-gcc, r-devel-linux-x86_64-fedora-clang, r-devel-linux-x86_64-fedora-gcc, r-devel-windows-ix86+x86_64, r-patched-linux-x86_64, r-patched-solaris-x86, r-release-linux-x86_64, r-release-windows-ix86+x86_64, r-release-osx-x86_64, r-oldrel-windows-ix86+x86_64, r-oldrel-osx-x86_64