CRAN Package Check Results for Package shinyBS

Last updated on 2020-01-20 23:50:26 CET.

Flavor Version Tinstall Tcheck Ttotal Status Flags
r-devel-linux-x86_64-debian-clang 0.61 3.43 28.24 31.67 NOTE
r-devel-linux-x86_64-debian-gcc 0.61 2.79 22.73 25.52 NOTE
r-devel-linux-x86_64-fedora-clang 0.61 38.81 NOTE
r-devel-linux-x86_64-fedora-gcc 0.61 38.00 NOTE
r-devel-windows-ix86+x86_64 0.61 17.00 46.00 63.00 NOTE
r-devel-windows-ix86+x86_64-gcc8 0.61 9.00 62.00 71.00 NOTE
r-patched-linux-x86_64 0.61 2.48 26.47 28.95 NOTE
r-patched-solaris-x86 0.61 56.20 NOTE
r-release-linux-x86_64 0.61 2.82 26.24 29.06 NOTE
r-release-windows-ix86+x86_64 0.61 8.00 58.00 66.00 NOTE
r-release-osx-x86_64 0.61 NOTE
r-oldrel-windows-ix86+x86_64 0.61 4.00 47.00 51.00 NOTE
r-oldrel-osx-x86_64 0.61 NOTE

Check Details

Version: 0.61
Check: R code for possible problems
Result: NOTE
    popify: no visible global function definition for 'runif'
    tipify: no visible global function definition for 'runif'
    Undefined global functions or variables:
     runif
    Consider adding
     importFrom("stats", "runif")
    to your NAMESPACE file.
Flavors: r-devel-linux-x86_64-debian-clang, r-devel-linux-x86_64-debian-gcc, r-devel-linux-x86_64-fedora-clang, r-devel-linux-x86_64-fedora-gcc, r-devel-windows-ix86+x86_64, r-devel-windows-ix86+x86_64-gcc8, r-patched-linux-x86_64, r-patched-solaris-x86, r-release-linux-x86_64, r-release-windows-ix86+x86_64, r-release-osx-x86_64, r-oldrel-windows-ix86+x86_64, r-oldrel-osx-x86_64