CRAN Package Check Results for Package sharpshootR

Last updated on 2017-12-12 10:52:57 CET.

Flavor Version Tinstall Tcheck Ttotal Status Flags
r-devel-linux-x86_64-debian-clang 1.0 7.10 112.66 119.76 OK
r-devel-linux-x86_64-debian-gcc 1.0 6.57 86.75 93.32 OK
r-devel-linux-x86_64-fedora-clang 1.0 142.85 OK
r-devel-linux-x86_64-fedora-gcc 1.0 145.62 OK
r-devel-windows-ix86+x86_64 1.0 29.00 128.00 157.00 OK
r-patched-linux-x86_64 1.0 7.93 121.88 129.81 OK
r-patched-solaris-x86 1.0 238.20 OK
r-release-linux-x86_64 1.0 8.81 119.22 128.03 OK
r-release-windows-ix86+x86_64 1.0 20.00 141.00 161.00 OK
r-release-osx-x86_64 1.0 NOTE
r-oldrel-windows-ix86+x86_64 1.0 19.00 115.00 134.00 OK
r-oldrel-osx-x86_64 1.0 OK

Check Details

Version: 1.0
Check: package dependencies
Result: NOTE
    Packages suggested but not available for checking: ‘rgdal’ ‘rgeos’
Flavor: r-release-osx-x86_64