CRAN Package Check Results for Package sharpeRratio

Last updated on 2019-06-18 18:55:04 CEST.

Flavor Version Tinstall Tcheck Ttotal Status Flags
r-devel-linux-x86_64-debian-clang 1.1 13.52 24.93 38.45 OK
r-devel-linux-x86_64-debian-gcc 1.1 10.42 20.96 31.38 OK
r-devel-linux-x86_64-fedora-clang 1.1 54.28 NOTE
r-devel-linux-x86_64-fedora-gcc 1.1 48.93 NOTE
r-devel-windows-ix86+x86_64 1.1 44.00 65.00 109.00 OK
r-patched-linux-x86_64 1.1 13.19 25.59 38.78 OK
r-patched-solaris-x86 1.1 68.80 OK
r-release-linux-x86_64 1.1 12.15 25.28 37.43 OK
r-release-windows-ix86+x86_64 1.1 42.00 74.00 116.00 OK
r-release-osx-x86_64 1.1 OK
r-oldrel-windows-ix86+x86_64 1.1 24.00 79.00 103.00 OK
r-oldrel-osx-x86_64 1.1 OK

Check Details

Version: 1.1
Check: compiled code
Result: NOTE
    File ‘sharpeRratio/libs/sharpeRratio.so’:
     Found no calls to: ‘R_registerRoutines’, ‘R_useDynamicSymbols’
    
    It is good practice to register native routines and to disable symbol
    search.
    
    See ‘Writing portable packages’ in the ‘Writing R Extensions’ manual.
Flavors: r-devel-linux-x86_64-fedora-clang, r-devel-linux-x86_64-fedora-gcc