CRAN Package Check Results for Package sgmodel

Last updated on 2019-09-20 01:47:55 CEST.

Flavor Version Tinstall Tcheck Ttotal Status Flags
r-devel-linux-x86_64-debian-clang 0.1.0 4.76 42.81 47.57 OK
r-devel-linux-x86_64-debian-gcc 0.1.0 3.41 33.71 37.12 OK
r-devel-linux-x86_64-fedora-clang 0.1.0 58.19 NOTE
r-devel-linux-x86_64-fedora-gcc 0.1.0 56.89 NOTE
r-devel-windows-ix86+x86_64 0.1.0 30.00 57.00 87.00 OK
r-patched-linux-x86_64 0.1.0 4.41 41.57 45.98 OK
r-patched-solaris-x86 0.1.0 89.20 NOTE
r-release-linux-x86_64 0.1.0 4.06 41.80 45.86 OK
r-release-windows-ix86+x86_64 0.1.0 10.00 84.00 94.00 OK
r-release-osx-x86_64 0.1.0 NOTE
r-oldrel-windows-ix86+x86_64 0.1.0 7.00 55.00 62.00 OK
r-oldrel-osx-x86_64 0.1.0 NOTE

Check Details

Version: 0.1.0
Check: dependencies in R code
Result: NOTE
    Namespace in Imports field not imported from: ‘tidyverse’
     All declared Imports should be used.
Flavors: r-devel-linux-x86_64-fedora-clang, r-devel-linux-x86_64-fedora-gcc, r-patched-solaris-x86, r-release-osx-x86_64, r-oldrel-osx-x86_64