CRAN Package Check Results for Package sfsmisc

Last updated on 2017-12-14 02:49:44 CET.

Flavor Version Tinstall Tcheck Ttotal Status Flags
r-devel-linux-x86_64-debian-clang 1.1-1 5.81 50.56 56.37 NOTE
r-devel-linux-x86_64-debian-gcc 1.1-1 4.12 44.73 48.85 NOTE
r-devel-linux-x86_64-fedora-clang 1.1-1 69.73 OK
r-devel-linux-x86_64-fedora-gcc 1.1-1 69.79 OK
r-devel-windows-ix86+x86_64 1.1-1 16.00 65.00 81.00 OK
r-patched-linux-x86_64 1.1-1 4.88 56.66 61.54 NOTE
r-patched-solaris-x86 1.1-1 94.30 OK
r-release-linux-x86_64 1.1-1 5.50 55.31 60.81 NOTE
r-release-windows-ix86+x86_64 1.1-1 10.00 84.00 94.00 OK
r-release-osx-x86_64 1.1-1 NOTE
r-oldrel-windows-ix86+x86_64 1.1-1 14.00 77.00 91.00 OK
r-oldrel-osx-x86_64 1.1-1 OK

Check Details

Version: 1.1-1
Check: R code for possible problems
Result: NOTE
    Found the following calls to attach():
    File ‘sfsmisc/R/sourceAttach.R’:
     attach(ENV, pos = pos, name = name, warn.conflicts = warn.conflicts)
    See section ‘Good practice’ in ‘?attach’.
Flavors: r-devel-linux-x86_64-debian-clang, r-devel-linux-x86_64-debian-gcc, r-patched-linux-x86_64, r-release-linux-x86_64

Version: 1.1-1
Check: Rd cross-references
Result: NOTE
    Package unavailable to check Rd xrefs: ‘gmp’
Flavor: r-release-osx-x86_64