CRAN Package Check Results for Package sfa

Last updated on 2019-09-20 00:47:46 CEST.

Flavor Version Tinstall Tcheck Ttotal Status Flags
r-devel-linux-x86_64-debian-clang 1.0-1 1.91 17.48 19.39 NOTE
r-devel-linux-x86_64-debian-gcc 1.0-1 1.63 14.57 16.20 NOTE
r-devel-linux-x86_64-fedora-clang 1.0-1 24.95 NOTE
r-devel-linux-x86_64-fedora-gcc 1.0-1 24.49 NOTE
r-devel-windows-ix86+x86_64 1.0-1 8.00 26.00 34.00 NOTE
r-patched-linux-x86_64 1.0-1 1.83 17.63 19.46 NOTE
r-patched-solaris-x86 1.0-1 39.80 NOTE
r-release-linux-x86_64 1.0-1 1.68 18.19 19.87 NOTE
r-release-windows-ix86+x86_64 1.0-1 5.00 38.00 43.00 NOTE
r-release-osx-x86_64 1.0-1 NOTE
r-oldrel-windows-ix86+x86_64 1.0-1 3.00 28.00 31.00 NOTE
r-oldrel-osx-x86_64 1.0-1 NOTE

Check Details

Version: 1.0-1
Check: R code for possible problems
Result: NOTE
    L_exp: no visible global function definition for 'pnorm'
    L_hNV: no visible global function definition for 'pnorm'
    L_trunc: no visible global function definition for 'pnorm'
    L_trunc_mufest: no visible global function definition for 'pnorm'
    dgp: no visible global function definition for 'runif'
    dgp: no visible global function definition for 'rnorm'
    eff.sfa: no visible global function definition for 'predict'
    fitted.sfa: no visible global function definition for 'predict'
    predict.sfa: no visible global function definition for 'coef'
    print.sfa: no visible global function definition for 'coef'
    residuals.sfa: no visible global function definition for 'fitted'
    sfa: no visible global function definition for 'model.frame'
    sfa: no visible global function definition for 'model.response'
    sfa.fit: no visible global function definition for 'lm'
    sfa.fit: no visible global function definition for 'resid'
    sfa.fit: no visible global function definition for 'var'
    sfa.fit: no visible global function definition for 'optim'
    summary.sfa: no visible global function definition for 'logLik'
    summary.sfa: no visible global function definition for 'pchisq'
    te.eff.sfa: no visible global function definition for 'residuals'
    te.eff.sfa: no visible global function definition for 'pnorm'
    u.sfa: no visible global function definition for 'residuals'
    u.sfa: no visible global function definition for 'dnorm'
    u.sfa: no visible global function definition for 'pnorm'
    Undefined global functions or variables:
     coef dnorm fitted lm logLik model.frame model.response optim pchisq
     pnorm predict resid residuals rnorm runif var
    Consider adding
     importFrom("stats", "coef", "dnorm", "fitted", "lm", "logLik",
     "model.frame", "model.response", "optim", "pchisq", "pnorm",
     "predict", "resid", "residuals", "rnorm", "runif", "var")
    to your NAMESPACE file.
Flavors: r-devel-linux-x86_64-debian-clang, r-devel-linux-x86_64-debian-gcc, r-devel-linux-x86_64-fedora-clang, r-devel-linux-x86_64-fedora-gcc, r-devel-windows-ix86+x86_64, r-patched-linux-x86_64, r-patched-solaris-x86, r-release-linux-x86_64, r-release-windows-ix86+x86_64, r-release-osx-x86_64, r-oldrel-windows-ix86+x86_64, r-oldrel-osx-x86_64