CRAN Package Check Results for Package seriation

Last updated on 2018-11-18 10:50:16 CET.

Flavor Version Tinstall Tcheck Ttotal Status Flags
r-devel-linux-x86_64-debian-clang 1.2-3 12.56 118.49 131.05 OK
r-devel-linux-x86_64-debian-gcc 1.2-3 12.04 93.34 105.38 OK
r-devel-linux-x86_64-fedora-clang 1.2-3 153.34 OK
r-devel-linux-x86_64-fedora-gcc 1.2-3 152.15 OK
r-devel-windows-ix86+x86_64 1.2-3 50.00 175.00 225.00 WARN
r-patched-linux-x86_64 1.2-3 14.07 114.78 128.85 OK
r-patched-solaris-x86 1.2-3 246.20 OK
r-release-linux-x86_64 1.2-3 12.53 114.68 127.21 OK
r-release-windows-ix86+x86_64 1.2-3 46.00 275.00 321.00 OK
r-release-osx-x86_64 1.2-3 OK
r-oldrel-windows-ix86+x86_64 1.2-3 30.00 257.00 287.00 OK
r-oldrel-osx-x86_64 1.2-3 OK

Check Details

Version: 1.2-3
Check: whether package can be installed
Result: WARN
    Found the following significant warnings:
     Warning: S3 methods '[.fun_list', '[.grouped_df', 'all.equal.tbl_df', 'anti_join.data.frame', 'anti_join.tbl_df', 'arrange.data.frame', 'arrange.default', 'arrange.grouped_df', 'arrange.tbl_df', 'arrange_.data.frame', 'arrange_.tbl_df', 'as.data.frame.grouped_df', 'as.data.frame.rowwise_df', 'as.data.frame.tbl_cube', 'as.table.tbl_cube', 'as.tbl.data.frame', 'as.tbl.tbl', 'as.tbl_cube.array', 'as.tbl_cube.data.frame', 'as.tbl_cube.matrix', 'as.tbl_cube.table', 'as_tibble.grouped_df', 'as_tibble.tbl_cube', 'auto_copy.tbl_cube', 'auto_copy.tbl_df', 'cbind.grouped_df', 'collapse.data.frame', 'collect.data.frame', 'common_by.NULL', 'common_by.character', 'common_by.default', 'common_by.list', 'compute.data.frame', 'copy_to.DBIConnection', 'copy_to.src_local', 'default_missing.data.frame', 'default_missing.default', 'dim.tbl_cube', 'distinct.data.frame', 'distinct.default', 'distinct.grouped_df', 'distinct.tbl_df', 'distinct_.data.frame', 'distinct_.grouped_df', 'distinct_.tbl_df', 'do.NULL', 'do.da [... truncated]
Flavor: r-devel-windows-ix86+x86_64