CRAN Package Check Results for Package seriation

Last updated on 2018-08-22 06:47:04 CEST.

Flavor Version Tinstall Tcheck Ttotal Status Flags
r-devel-linux-x86_64-debian-clang 1.2-3 12.91 130.97 143.88 OK
r-devel-linux-x86_64-debian-gcc 1.2-3 12.16 104.52 116.68 OK
r-devel-linux-x86_64-fedora-clang 1.2-3 170.68 OK
r-devel-linux-x86_64-fedora-gcc 1.2-3 172.34 OK
r-devel-windows-ix86+x86_64 1.2-3 36.00 203.00 239.00 OK
r-patched-linux-x86_64 1.2-3 12.36 115.66 128.02 OK
r-patched-solaris-x86 1.2-3 247.90 OK
r-release-linux-x86_64 1.2-3 14.30 115.19 129.49 OK
r-release-windows-ix86+x86_64 1.2-3 45.00 174.00 219.00 OK
r-release-osx-x86_64 1.2-3 OK
r-oldrel-windows-ix86+x86_64 1.2-3 25.00 265.00 290.00 WARN
r-oldrel-osx-x86_64 1.2-3 OK

Check Details

Version: 1.2-3
Check: whether package can be installed
Result: WARN
    Found the following significant warnings:
     Warning: S3 methods '[.fun_list', '[.grouped_df', 'all.equal.tbl_df', 'anti_join.data.frame', 'anti_join.tbl_df', 'arrange.data.frame', 'arrange.default', 'arrange.grouped_df', 'arrange.tbl_df', 'arrange_.data.frame', 'arrange_.tbl_df', 'as.data.frame.grouped_df', 'as.data.frame.rowwise_df', 'as.data.frame.tbl_cube', 'as.data.frame.tbl_df', 'as.table.tbl_cube', 'as.tbl.data.frame', 'as.tbl.tbl', 'as.tbl_cube.array', 'as.tbl_cube.data.frame', 'as.tbl_cube.matrix', 'as.tbl_cube.table', 'as_data_frame.grouped_df', 'as_data_frame.tbl_cube', 'auto_copy.tbl_cube', 'auto_copy.tbl_df', 'cbind.grouped_df', 'collapse.data.frame', 'collect.data.frame', 'common_by.NULL', 'common_by.character', 'common_by.default', 'common_by.list', 'compute.data.frame', 'copy_to.DBIConnection', 'copy_to.src_local', 'default_missing.data.frame', 'default_missing.default', 'dim.tbl_cube', 'distinct.data.frame', 'distinct.default', 'distinct.grouped_df', 'distinct.tbl_df', 'distinct_.data.frame', 'distinct_.grouped_df', 'dist [... truncated]
Flavor: r-oldrel-windows-ix86+x86_64