CRAN Package Check Results for Package sequenza

Last updated on 2019-09-20 21:46:37 CEST.

Flavor Version Tinstall Tcheck Ttotal Status Flags
r-devel-linux-x86_64-debian-clang 3.0.0 16.48 200.15 216.63 OK
r-devel-linux-x86_64-debian-gcc 3.0.0 15.54 149.42 164.96 OK
r-devel-linux-x86_64-fedora-clang 3.0.0 273.59 OK
r-devel-linux-x86_64-fedora-gcc 3.0.0 252.75 OK
r-devel-windows-ix86+x86_64 3.0.0 43.00 258.00 301.00 OK
r-patched-linux-x86_64 3.0.0 14.73 189.00 203.73 OK
r-patched-solaris-x86 3.0.0 367.60 NOTE
r-release-linux-x86_64 3.0.0 14.08 192.84 206.92 OK
r-release-windows-ix86+x86_64 3.0.0 33.00 268.00 301.00 OK
r-release-osx-x86_64 3.0.0 ERROR
r-oldrel-windows-ix86+x86_64 3.0.0 19.00 198.00 217.00 OK
r-oldrel-osx-x86_64 3.0.0 OK

Check Details

Version: 3.0.0
Check: installed package size
Result: NOTE
     installed size is 5.2Mb
     sub-directories of 1Mb or more:
     doc 3.0Mb
     extdata 1.3Mb
Flavor: r-patched-solaris-x86

Version: 3.0.0
Check: package dependencies
Result: ERROR
    Package required but not available: ‘copynumber’
    
    See section ‘The DESCRIPTION file’ in the ‘Writing R Extensions’
    manual.
Flavor: r-release-osx-x86_64