CRAN Package Check Results for Package sejmRP

Last updated on 2018-05-27 06:47:15 CEST.

Flavor Version Tinstall Tcheck Ttotal Status Flags
r-devel-linux-x86_64-debian-clang 1.3.4 4.74 47.75 52.49 OK
r-devel-linux-x86_64-debian-gcc 1.3.4 3.34 37.73 41.07 OK
r-devel-linux-x86_64-fedora-clang 1.3.4 60.62 NOTE
r-devel-linux-x86_64-fedora-gcc 1.3.4 59.82 NOTE
r-devel-windows-ix86+x86_64 1.3.4 9.00 64.00 73.00 OK
r-patched-linux-x86_64 1.3.4 3.45 41.36 44.81 OK
r-patched-solaris-x86 1.3.4 81.60 NOTE
r-release-linux-x86_64 1.3.4 3.90 41.57 45.47 OK
r-release-windows-ix86+x86_64 1.3.4 15.00 71.00 86.00 OK
r-release-osx-x86_64 1.3.4 NOTE
r-oldrel-windows-ix86+x86_64 1.3.4 13.00 64.00 77.00 OK
r-oldrel-osx-x86_64 1.3.4 NOTE

Check Details

Version: 1.3.4
Check: dependencies in R code
Result: NOTE
    Namespaces in Imports field not imported from:
     ‘cluster’ ‘factoextra’ ‘tidyr’
     All declared Imports should be used.
Flavors: r-devel-linux-x86_64-fedora-clang, r-devel-linux-x86_64-fedora-gcc, r-patched-solaris-x86, r-release-osx-x86_64, r-oldrel-osx-x86_64