CRAN Package Check Results for Package sejmRP

Last updated on 2017-12-14 08:51:31 CET.

Flavor Version Tinstall Tcheck Ttotal Status Flags
r-devel-linux-x86_64-debian-clang 1.3.4 2.76 35.00 37.76 OK
r-devel-linux-x86_64-debian-gcc 1.3.4 2.48 32.43 34.91 OK
r-devel-linux-x86_64-fedora-clang 1.3.4 48.37 NOTE
r-devel-linux-x86_64-fedora-gcc 1.3.4 48.30 NOTE
r-devel-windows-ix86+x86_64 1.3.4 12.00 68.00 80.00 OK
r-patched-linux-x86_64 1.3.4 2.94 40.77 43.71 OK
r-patched-solaris-x86 1.3.4 73.30 NOTE
r-release-linux-x86_64 1.3.4 2.95 40.31 43.26 OK
r-release-windows-ix86+x86_64 1.3.4 8.00 47.00 55.00 OK
r-release-osx-x86_64 1.3.4 NOTE
r-oldrel-windows-ix86+x86_64 1.3.4 9.00 63.00 72.00 OK
r-oldrel-osx-x86_64 1.3.4 NOTE

Check Details

Version: 1.3.4
Check: dependencies in R code
Result: NOTE
    Namespaces in Imports field not imported from:
     ‘cluster’ ‘factoextra’ ‘tidyr’
     All declared Imports should be used.
Flavors: r-devel-linux-x86_64-fedora-clang, r-devel-linux-x86_64-fedora-gcc, r-patched-solaris-x86, r-release-osx-x86_64, r-oldrel-osx-x86_64