CRAN Package Check Results for Package sejmRP

Last updated on 2018-02-18 01:46:50 CET.

Flavor Version Tinstall Tcheck Ttotal Status Flags
r-devel-linux-x86_64-debian-clang 1.3.4 4.40 40.57 44.97 OK
r-devel-linux-x86_64-debian-gcc 1.3.4 3.12 32.29 35.41 OK
r-devel-linux-x86_64-fedora-clang 1.3.4 53.57 NOTE
r-devel-linux-x86_64-fedora-gcc 1.3.4 50.68 NOTE
r-devel-windows-ix86+x86_64 1.3.4 8.00 56.00 64.00 OK
r-patched-linux-x86_64 1.3.4 2.68 40.30 42.98 OK
r-patched-solaris-x86 1.3.4 73.30 NOTE
r-release-linux-x86_64 1.3.4 2.68 39.91 42.59 OK
r-release-windows-ix86+x86_64 1.3.4 13.00 67.00 80.00 OK
r-release-osx-x86_64 1.3.4 NOTE
r-oldrel-windows-ix86+x86_64 1.3.4 9.00 63.00 72.00 OK
r-oldrel-osx-x86_64 1.3.4 NOTE

Check Details

Version: 1.3.4
Check: dependencies in R code
Result: NOTE
    Namespaces in Imports field not imported from:
     ‘cluster’ ‘factoextra’ ‘tidyr’
     All declared Imports should be used.
Flavors: r-devel-linux-x86_64-fedora-clang, r-devel-linux-x86_64-fedora-gcc, r-patched-solaris-x86, r-release-osx-x86_64, r-oldrel-osx-x86_64