CRAN Package Check Results for Package sejmRP

Last updated on 2018-11-18 10:50:15 CET.

Flavor Version Tinstall Tcheck Ttotal Status Flags
r-devel-linux-x86_64-debian-clang 1.3.4 4.36 44.39 48.75 OK
r-devel-linux-x86_64-debian-gcc 1.3.4 3.59 35.78 39.37 OK
r-devel-linux-x86_64-fedora-clang 1.3.4 55.78 NOTE
r-devel-linux-x86_64-fedora-gcc 1.3.4 53.81 NOTE
r-devel-windows-ix86+x86_64 1.3.4 14.00 56.00 70.00 OK
r-patched-linux-x86_64 1.3.4 3.90 42.50 46.40 OK
r-patched-solaris-x86 1.3.4 88.60 NOTE
r-release-linux-x86_64 1.3.4 3.44 42.47 45.91 OK
r-release-windows-ix86+x86_64 1.3.4 13.00 56.00 69.00 OK
r-release-osx-x86_64 1.3.4 NOTE
r-oldrel-windows-ix86+x86_64 1.3.4 8.00 58.00 66.00 OK
r-oldrel-osx-x86_64 1.3.4 NOTE

Check Details

Version: 1.3.4
Check: dependencies in R code
Result: NOTE
    Namespaces in Imports field not imported from:
     ‘cluster’ ‘factoextra’ ‘tidyr’
     All declared Imports should be used.
Flavors: r-devel-linux-x86_64-fedora-clang, r-devel-linux-x86_64-fedora-gcc, r-patched-solaris-x86, r-release-osx-x86_64, r-oldrel-osx-x86_64