CRAN Package Check Results for Package sejmRP

Last updated on 2018-08-21 22:50:12 CEST.

Flavor Version Tinstall Tcheck Ttotal Status Flags
r-devel-linux-x86_64-debian-clang 1.3.4 4.22 50.30 54.52 OK
r-devel-linux-x86_64-debian-gcc 1.3.4 4.01 39.41 43.42 OK
r-devel-linux-x86_64-fedora-clang 1.3.4 62.28 NOTE
r-devel-linux-x86_64-fedora-gcc 1.3.4 62.58 NOTE
r-devel-windows-ix86+x86_64 1.3.4 16.00 102.00 118.00 OK
r-patched-linux-x86_64 1.3.4 4.07 42.42 46.49 OK
r-patched-solaris-x86 1.3.4 87.30 NOTE
r-release-linux-x86_64 1.3.4 4.32 42.06 46.38 OK
r-release-windows-ix86+x86_64 1.3.4 15.00 82.00 97.00 OK
r-release-osx-x86_64 1.3.4 NOTE
r-oldrel-windows-ix86+x86_64 1.3.4 7.00 88.00 95.00 OK
r-oldrel-osx-x86_64 1.3.4 NOTE

Check Details

Version: 1.3.4
Check: dependencies in R code
Result: NOTE
    Namespaces in Imports field not imported from:
     ‘cluster’ ‘factoextra’ ‘tidyr’
     All declared Imports should be used.
Flavors: r-devel-linux-x86_64-fedora-clang, r-devel-linux-x86_64-fedora-gcc, r-patched-solaris-x86, r-release-osx-x86_64, r-oldrel-osx-x86_64