CRAN Package Check Results for Package secure

Last updated on 2019-09-22 18:47:48 CEST.

Flavor Version Tinstall Tcheck Ttotal Status Flags
r-devel-linux-x86_64-debian-clang 0.5 34.51 31.33 65.84 NOTE
r-devel-linux-x86_64-debian-gcc 0.5 32.13 25.41 57.54 NOTE
r-devel-linux-x86_64-fedora-clang 0.5 104.66 NOTE
r-devel-linux-x86_64-fedora-gcc 0.5 99.51 NOTE
r-devel-windows-ix86+x86_64 0.5 88.00 91.00 179.00 OK
r-patched-linux-x86_64 0.5 31.98 31.37 63.35 NOTE
r-patched-solaris-x86 0.5 108.70 OK
r-release-linux-x86_64 0.5 33.84 31.34 65.18 NOTE
r-release-windows-ix86+x86_64 0.5 59.00 68.00 127.00 OK
r-release-osx-x86_64 0.5 OK
r-oldrel-windows-ix86+x86_64 0.5 58.00 72.00 130.00 OK
r-oldrel-osx-x86_64 0.5 OK

Check Details

Version: 0.5
Check: use of SHLIB_OPENMP_*FLAGS in Makefiles
Result: NOTE
     src/Makevars: SHLIB_OPENMP_CFLAGS is included in PKG_LIBS but linking is by C++
    Use of these macros is discussed in sect 1.2.1.1 of 'Writing R
    Extensions'. The macros for different languages may differ so the
    matching macro must be used in PKG_CXXFLAGS (etc) and match that used
    in PKG_LIBS (except for Fortran: see the manual).
Flavors: r-devel-linux-x86_64-debian-clang, r-devel-linux-x86_64-debian-gcc, r-devel-linux-x86_64-fedora-clang, r-devel-linux-x86_64-fedora-gcc, r-patched-linux-x86_64, r-release-linux-x86_64