CRAN Package Check Results for Package sdef

Last updated on 2019-09-20 01:47:55 CEST.

Flavor Version Tinstall Tcheck Ttotal Status Flags
r-devel-linux-x86_64-debian-clang 1.7 3.41 42.42 45.83 NOTE
r-devel-linux-x86_64-debian-gcc 1.7 2.73 30.59 33.32 NOTE
r-devel-linux-x86_64-fedora-clang 1.7 53.92 NOTE
r-devel-linux-x86_64-fedora-gcc 1.7 51.50 NOTE
r-devel-windows-ix86+x86_64 1.7 10.00 45.00 55.00 OK
r-patched-linux-x86_64 1.7 2.16 40.58 42.74 OK
r-patched-solaris-x86 1.7 72.60 OK
r-release-linux-x86_64 1.7 2.46 40.20 42.66 OK
r-release-windows-ix86+x86_64 1.7 5.00 69.00 74.00 OK
r-release-osx-x86_64 1.7 OK
r-oldrel-windows-ix86+x86_64 1.7 4.00 48.00 52.00 OK
r-oldrel-osx-x86_64 1.7 OK

Check Details

Version: 1.7
Check: for non-standard things in the check directory
Result: NOTE
    Found the following files/directories:
     'MC p-value.ps' 'Output.csv' 'Rh.ps' 'Th.ps' 'dataratio .Rdata'
     'featuresRmax.csv' 'featuresT.csv'
Flavors: r-devel-linux-x86_64-debian-clang, r-devel-linux-x86_64-debian-gcc, r-devel-linux-x86_64-fedora-clang, r-devel-linux-x86_64-fedora-gcc