CRAN Package Check Results for Package sdcTable

Last updated on 2019-06-15 22:58:57 CEST.

Flavor Version Tinstall Tcheck Ttotal Status Flags
r-devel-linux-x86_64-debian-clang 0.28 58.47 94.70 153.17 NOTE
r-devel-linux-x86_64-debian-gcc 0.28 51.67 80.81 132.48 NOTE
r-devel-linux-x86_64-fedora-clang 0.28 192.29 NOTE
r-devel-linux-x86_64-fedora-gcc 0.28 180.19 NOTE
r-devel-windows-ix86+x86_64 0.28 138.00 183.00 321.00 NOTE
r-patched-linux-x86_64 0.28 56.72 90.59 147.31 OK
r-patched-solaris-x86 0.28 224.10 OK
r-release-linux-x86_64 0.28 52.07 92.60 144.67 OK
r-release-windows-ix86+x86_64 0.28 98.00 195.00 293.00 NOTE
r-release-osx-x86_64 0.28 NOTE
r-oldrel-windows-ix86+x86_64 0.28 106.00 123.00 229.00 NOTE
r-oldrel-osx-x86_64 0.28 NOTE

Check Details

Version: 0.28
Check: for non-standard things in the check directory
Result: NOTE
    Found the following files/directories:
     'batch_Cba7e5yKFN.arb' 'batch_T5tejRt23o.arb' 'batch_zNbO4h3yEt.arb'
     'hier_Cba7e5yKFN_gender.hrc' 'hier_Cba7e5yKFN_region.hrc'
     'hier_T5tejRt23o_gender.hrc' 'hier_T5tejRt23o_region.hrc'
     'hier_zNbO4h3yEt_gender.hrc' 'hier_zNbO4h3yEt_region.hrc'
     'metadata_Cba7e5yKFN.rda' 'metadata_T5tejRt23o.rda'
     'metadata_zNbO4h3yEt.rda' 'microdata_zNbO4h3yEt.asc' 'prob_freqs.jj'
     'prob_val.jj' 'tabdata_Cba7e5yKFN.tab' 'tabdata_T5tejRt23o.tab'
Flavors: r-devel-linux-x86_64-debian-clang, r-devel-linux-x86_64-debian-gcc, r-devel-linux-x86_64-fedora-clang, r-devel-linux-x86_64-fedora-gcc

Version: 0.28
Check: installed package size
Result: NOTE
     installed size is 5.1Mb
     sub-directories of 1Mb or more:
     R 1.3Mb
     libs 3.5Mb
Flavors: r-devel-windows-ix86+x86_64, r-release-windows-ix86+x86_64, r-release-osx-x86_64, r-oldrel-windows-ix86+x86_64, r-oldrel-osx-x86_64