CRAN Package Check Results for Package sdcTable

Last updated on 2019-04-19 03:47:46 CEST.

Flavor Version Tinstall Tcheck Ttotal Status Flags
r-devel-linux-x86_64-debian-clang 0.27 62.27 90.63 152.90 OK
r-devel-linux-x86_64-debian-gcc 0.27 47.03 71.18 118.21 OK
r-devel-linux-x86_64-fedora-clang 0.27 189.76 OK
r-devel-linux-x86_64-fedora-gcc 0.27 174.45 OK
r-devel-windows-ix86+x86_64 0.27 144.00 165.00 309.00 NOTE
r-patched-linux-x86_64 0.27 54.66 83.91 138.57 OK
r-patched-solaris-x86 0.27 219.60 OK
r-release-linux-x86_64 0.27 57.49 79.66 137.15 OK
r-release-windows-ix86+x86_64 0.27 90.00 200.00 290.00 NOTE
r-release-osx-x86_64 0.27 NOTE
r-oldrel-windows-ix86+x86_64 0.27 60.00 6.00 66.00 ERROR
r-oldrel-osx-x86_64 0.27 ERROR

Check Details

Version: 0.27
Check: installed package size
Result: NOTE
     installed size is 5.1Mb
     sub-directories of 1Mb or more:
     R 1.3Mb
     libs 3.5Mb
Flavors: r-devel-windows-ix86+x86_64, r-release-windows-ix86+x86_64, r-release-osx-x86_64

Version: 0.27
Check: whether package can be installed
Result: ERROR
    Installation failed.
Flavor: r-oldrel-windows-ix86+x86_64

Version: 0.27
Check: package dependencies
Result: ERROR
    Package required but not available: ‘sdcHierarchies’
    
    See section ‘The DESCRIPTION file’ in the ‘Writing R Extensions’
    manual.
Flavor: r-oldrel-osx-x86_64