CRAN Package Check Results for Package sdcMicro

Last updated on 2018-08-21 22:50:12 CEST.

Flavor Version Tinstall Tcheck Ttotal Status Flags
r-devel-linux-x86_64-debian-clang 5.3.0 58.02 205.35 263.37 OK
r-devel-linux-x86_64-debian-gcc 5.3.0 48.66 132.61 181.27 OK
r-devel-linux-x86_64-fedora-clang 5.3.0 282.96 OK
r-devel-linux-x86_64-fedora-gcc 5.3.0 273.69 OK
r-devel-windows-ix86+x86_64 5.3.0 133.00 367.00 500.00 WARN
r-patched-linux-x86_64 5.3.0 57.44 156.03 213.47 OK
r-patched-solaris-x86 5.3.0 316.40 OK
r-release-linux-x86_64 5.3.0 53.25 156.19 209.44 OK
r-release-windows-ix86+x86_64 5.3.0 137.00 320.00 457.00 WARN
r-release-osx-x86_64 5.3.0 OK
r-oldrel-windows-ix86+x86_64 5.3.0 102.00 359.00 461.00 OK
r-oldrel-osx-x86_64 5.3.0 OK

Additional issues

clang-UBSAN gcc-UBSAN

Check Details

Version: 5.3.0
Check: whether package can be installed
Result: WARN
    Found the following significant warnings:
     Warning: S3 methods '[.fun_list', '[.grouped_df', 'all.equal.tbl_df', 'anti_join.data.frame', 'anti_join.tbl_df', 'arrange.data.frame', 'arrange.default', 'arrange.grouped_df', 'arrange.tbl_df', 'arrange_.data.frame', 'arrange_.tbl_df', 'as.data.frame.grouped_df', 'as.data.frame.rowwise_df', 'as.data.frame.tbl_cube', 'as.data.frame.tbl_df', 'as.table.tbl_cube', 'as.tbl.data.frame', 'as.tbl.tbl', 'as.tbl_cube.array', 'as.tbl_cube.data.frame', 'as.tbl_cube.matrix', 'as.tbl_cube.table', 'as_data_frame.grouped_df', 'as_data_frame.tbl_cube', 'auto_copy.tbl_cube', 'auto_copy.tbl_df', 'cbind.grouped_df', 'collapse.data.frame', 'collect.data.frame', 'common_by.NULL', 'common_by.character', 'common_by.default', 'common_by.list', 'compute.data.frame', 'copy_to.DBIConnection', 'copy_to.src_local', 'default_missing.data.frame', 'default_missing.default', 'dim.tbl_cube', 'distinct.data.frame', 'distinct.default', 'distinct.grouped_df', 'distinct.tbl_df', 'distinct_.data.frame', 'distinct_.grouped_df', 'dist [... truncated]
Flavors: r-devel-windows-ix86+x86_64, r-release-windows-ix86+x86_64