CRAN Package Check Results for Package sdcMicro

Last updated on 2018-05-27 06:47:15 CEST.

Flavor Version Tinstall Tcheck Ttotal Status Flags
r-devel-linux-x86_64-debian-clang 5.3.0 59.43 200.89 260.32 OK
r-devel-linux-x86_64-debian-gcc 5.3.0 43.92 125.68 169.60 OK
r-devel-linux-x86_64-fedora-clang 5.3.0 275.54 OK
r-devel-linux-x86_64-fedora-gcc 5.3.0 246.00 NOTE
r-devel-windows-ix86+x86_64 5.3.0 97.00 216.00 313.00 OK
r-patched-linux-x86_64 5.3.0 58.12 148.65 206.77 OK
r-patched-solaris-x86 5.3.0 298.50 OK
r-release-linux-x86_64 5.3.0 51.03 150.88 201.91 OK
r-release-windows-ix86+x86_64 5.3.0 143.00 295.00 438.00 OK
r-release-osx-x86_64 5.3.0 OK
r-oldrel-windows-ix86+x86_64 5.3.0 133.00 214.00 347.00 OK
r-oldrel-osx-x86_64 5.2.0 OK

Additional issues

clang-UBSAN gcc-UBSAN

Check Details

Version: 5.3.0
Check: installed package size
Result: NOTE
     installed size is 5.1Mb
     sub-directories of 1Mb or more:
     libs 2.1Mb
Flavor: r-devel-linux-x86_64-fedora-gcc