CRAN Package Check Results for Package scrime

Last updated on 2019-06-15 21:54:46 CEST.

Flavor Version Tinstall Tcheck Ttotal Status Flags
r-devel-linux-x86_64-debian-clang 1.3.5 5.92 46.84 52.76 OK
r-devel-linux-x86_64-debian-gcc 1.3.5 4.62 38.43 43.05 OK
r-devel-linux-x86_64-fedora-clang 1.3.5 62.51 OK
r-devel-linux-x86_64-fedora-gcc 1.3.5 60.43 OK
r-devel-windows-ix86+x86_64 1.3.5 12.00 59.00 71.00 OK
r-patched-linux-x86_64 1.3.5 5.17 46.91 52.08 OK
r-patched-solaris-x86 1.3.5 88.90 OK
r-release-linux-x86_64 1.3.5 5.20 48.77 53.97 OK
r-release-windows-ix86+x86_64 1.3.5 10.00 78.00 88.00 OK
r-release-osx-x86_64 1.3.5 NOTE
r-oldrel-windows-ix86+x86_64 1.3.5 7.00 70.00 77.00 OK
r-oldrel-osx-x86_64 1.3.5 OK

Check Details

Version: 1.3.5
Check: package dependencies
Result: NOTE
    Package suggested but not available for checking: ‘oligoClasses’
Flavor: r-release-osx-x86_64