CRAN Package Check Results for Package sand

Last updated on 2019-09-20 01:47:55 CEST.

Flavor Version Tinstall Tcheck Ttotal Status Flags
r-devel-linux-x86_64-debian-clang 1.0.3 2.17 24.04 26.21 NOTE
r-devel-linux-x86_64-debian-gcc 1.0.3 1.79 19.63 21.42 NOTE
r-devel-linux-x86_64-fedora-clang 1.0.3 34.62 NOTE
r-devel-linux-x86_64-fedora-gcc 1.0.3 31.90 NOTE
r-devel-windows-ix86+x86_64 1.0.3 10.00 55.00 65.00 OK
r-patched-linux-x86_64 1.0.3 2.19 24.21 26.40 NOTE
r-patched-solaris-x86 1.0.3 64.20 NOTE
r-release-linux-x86_64 1.0.3 1.80 23.74 25.54 NOTE
r-release-windows-ix86+x86_64 1.0.3 5.00 37.00 42.00 OK
r-release-osx-x86_64 1.0.3 NOTE
r-oldrel-windows-ix86+x86_64 1.0.3 4.00 40.00 44.00 OK
r-oldrel-osx-x86_64 1.0.3 NOTE

Check Details

Version: 1.0.3
Check: package dependencies
Result: NOTE
    Package suggested but not available for checking: 'mixer'
Flavors: r-devel-linux-x86_64-debian-clang, r-devel-linux-x86_64-debian-gcc, r-devel-linux-x86_64-fedora-clang, r-devel-linux-x86_64-fedora-gcc, r-patched-linux-x86_64, r-patched-solaris-x86, r-release-linux-x86_64

Version: 1.0.3
Check: data for non-ASCII characters
Result: NOTE
     Note: found 6 marked UTF-8 strings
Flavors: r-devel-linux-x86_64-fedora-clang, r-devel-linux-x86_64-fedora-gcc, r-patched-solaris-x86, r-release-osx-x86_64, r-oldrel-osx-x86_64

Version: 1.0.3
Check: package dependencies
Result: NOTE
    Packages suggested but not available for checking:
     'GO.db', 'GOstats', 'mixer', 'org.Sc.sgd.db'
Flavor: r-release-osx-x86_64

Version: 1.0.3
Check: package dependencies
Result: NOTE
    Packages suggested but not available for checking:
     ‘mixer’ ‘networkTomography’ ‘org.Sc.sgd.db’
Flavor: r-oldrel-osx-x86_64