CRAN Package Check Results for Package rzmq

Last updated on 2019-12-16 05:46:44 CET.

Flavor Version Tinstall Tcheck Ttotal Status Flags
r-devel-linux-x86_64-debian-clang 0.9.6 4.47 18.93 23.40 WARN
r-devel-linux-x86_64-debian-gcc 0.9.6 3.32 15.50 18.82 WARN
r-devel-linux-x86_64-fedora-clang 0.9.6 31.21 WARN
r-devel-linux-x86_64-fedora-gcc 0.9.6 30.54 WARN
r-devel-windows-ix86+x86_64 0.9.6 21.00 62.00 83.00 OK
r-devel-windows-ix86+x86_64-gcc8 0.9.6 23.00 67.00 90.00 OK
r-patched-linux-x86_64 0.9.6 3.79 17.67 21.46 OK
r-patched-solaris-x86 0.9.6 43.10 OK
r-release-linux-x86_64 0.9.6 3.44 17.67 21.11 OK
r-release-windows-ix86+x86_64 0.9.6 19.00 63.00 82.00 OK
r-release-osx-x86_64 0.9.6 OK
r-oldrel-windows-ix86+x86_64 0.9.6 19.00 54.00 73.00 OK
r-oldrel-osx-x86_64 0.9.6 OK

Check Details

Version: 0.9.6
Check: whether package can be installed
Result: WARN
    Found the following significant warnings:
     'config' variable 'CXXCPP' is deprecated
Flavors: r-devel-linux-x86_64-debian-clang, r-devel-linux-x86_64-debian-gcc, r-devel-linux-x86_64-fedora-clang, r-devel-linux-x86_64-fedora-gcc

Version: 0.9.6
Check: top-level files
Result: NOTE
    ‘configure’: /bin/bash is not portable
Flavors: r-devel-linux-x86_64-fedora-clang, r-devel-linux-x86_64-fedora-gcc