CRAN Package Check Results for Package rtfbs

Last updated on 2019-09-24 10:51:32 CEST.

Flavor Version Tinstall Tcheck Ttotal Status Flags
r-devel-linux-x86_64-debian-clang 0.3.9 57.03 44.08 101.11 NOTE
r-devel-linux-x86_64-debian-gcc 0.3.9 50.91 36.24 87.15 WARN
r-devel-linux-x86_64-fedora-clang 0.3.9 141.93 NOTE
r-devel-linux-x86_64-fedora-gcc 0.3.9 143.49 WARN
r-devel-windows-ix86+x86_64 0.3.9 211.00 173.00 384.00 OK
r-patched-linux-x86_64 0.3.9 54.11 44.93 99.04 WARN
r-patched-solaris-x86 0.3.9 202.70 OK
r-release-linux-x86_64 0.3.9 53.85 45.12 98.97 WARN
r-release-windows-ix86+x86_64 0.3.9 261.00 168.00 429.00 OK
r-release-osx-x86_64 0.3.9 OK
r-oldrel-windows-ix86+x86_64 0.3.9 172.00 162.00 334.00 OK
r-oldrel-osx-x86_64 0.3.9 OK

Check Details

Version: 0.3.9
Check: for non-standard things in the check directory
Result: NOTE
    Found the following files/directories:
     'input.fas' 'pwm.meme'
Flavors: r-devel-linux-x86_64-debian-clang, r-devel-linux-x86_64-debian-gcc, r-devel-linux-x86_64-fedora-clang, r-devel-linux-x86_64-fedora-gcc

Version: 0.3.9
Check: whether package can be installed
Result: WARN
    Found the following significant warnings:
     bgc_hmm.c:241:15: warning: passing argument 1 to restrict-qualified parameter aliases with argument 3 [-Wrestrict]
     bgc_hmm.c:242:13: warning: passing argument 1 to restrict-qualified parameter aliases with argument 3 [-Wrestrict]
     bgc_hmm.c:241:31: warning: ‘, ’ directive writing 2 bytes into a region of size between 1 and 10000 [-Wformat-overflow=]
     /usr/include/x86_64-linux-gnu/bits/string_fortified.h:106:10: warning: ‘__builtin_strncpy’ output truncated before terminating nul copying as many bytes from a string as its length [-Wstringop-truncation]
Flavor: r-devel-linux-x86_64-debian-gcc

Version: 0.3.9
Check: whether package can be installed
Result: WARN
    Found the following significant warnings:
     bgc_hmm.c:241:15: warning: passing argument 1 to restrict-qualified parameter aliases with argument 3 [-Wrestrict]
     bgc_hmm.c:242:13: warning: passing argument 1 to restrict-qualified parameter aliases with argument 3 [-Wrestrict]
     bgc_hmm.c:241:31: warning: ‘, ’ directive writing 2 bytes into a region of size between 1 and 10000 [-Wformat-overflow=]
     /usr/include/bits/string_fortified.h:106:10: warning: ‘__builtin_strncpy’ output truncated before terminating nul copying as many bytes from a string as its length [-Wstringop-truncation]
Flavor: r-devel-linux-x86_64-fedora-gcc

Version: 0.3.9
Check: whether package can be installed
Result: WARN
    Found the following significant warnings:
     bgc_hmm.c:241:31: warning: ‘, ’ directive writing 2 bytes into a region of size between 1 and 10000 [-Wformat-overflow=]
     rph_tfbs.c:371:11: warning: ‘strncpy’ output truncated before terminating nul copying as many bytes from a string as its length [-Wstringop-truncation]
     rph_tfbs.c:351:11: warning: ‘strncpy’ output truncated before terminating nul copying as many bytes from a string as its length [-Wstringop-truncation]
     rph_tfbs.c:819:5: warning: ‘strncpy’ output truncated before terminating nul copying as many bytes from a string as its length [-Wstringop-truncation]
Flavors: r-patched-linux-x86_64, r-release-linux-x86_64