CRAN Package Check Results for Package rrr

Last updated on 2019-09-20 18:48:15 CEST.

Flavor Version Tinstall Tcheck Ttotal Status Flags
r-devel-linux-x86_64-debian-clang 1.0.0 7.54 75.05 82.59 OK
r-devel-linux-x86_64-debian-gcc 1.0.0 6.03 57.61 63.64 OK
r-devel-linux-x86_64-fedora-clang 1.0.0 96.93 NOTE
r-devel-linux-x86_64-fedora-gcc 1.0.0 94.78 NOTE
r-devel-windows-ix86+x86_64 1.0.0 29.00 85.00 114.00 OK
r-patched-linux-x86_64 1.0.0 5.93 72.67 78.60 OK
r-patched-solaris-x86 1.0.0 134.60 NOTE
r-release-linux-x86_64 1.0.0 6.68 73.22 79.90 OK
r-release-windows-ix86+x86_64 1.0.0 11.00 83.00 94.00 OK
r-release-osx-x86_64 1.0.0 NOTE
r-oldrel-windows-ix86+x86_64 1.0.0 7.00 83.00 90.00 OK
r-oldrel-osx-x86_64 1.0.0 NOTE

Check Details

Version: 1.0.0
Check: dependencies in R code
Result: NOTE
    Namespace in Imports field not imported from: ‘Rcpp’
     All declared Imports should be used.
Flavors: r-devel-linux-x86_64-fedora-clang, r-devel-linux-x86_64-fedora-gcc, r-patched-solaris-x86, r-release-osx-x86_64, r-oldrel-osx-x86_64