CRAN Package Check Results for Package rrcovNA

Last updated on 2018-07-21 14:47:43 CEST.

Flavor Version Tinstall Tcheck Ttotal Status Flags
r-devel-linux-x86_64-debian-clang 0.4-9 7.17 48.99 56.16 NOTE
r-devel-linux-x86_64-debian-gcc 0.4-9 6.57 39.62 46.19 NOTE
r-devel-linux-x86_64-fedora-clang 0.4-9 66.41 NOTE
r-devel-linux-x86_64-fedora-gcc 0.4-9 64.57 NOTE
r-devel-windows-ix86+x86_64 0.4-9 26.00 80.00 106.00 OK
r-patched-linux-x86_64 0.4-9 NOTE
r-patched-solaris-x86 0.4-9 92.70 OK
r-release-linux-x86_64 0.4-9 9.06 46.04 55.10 NOTE
r-release-windows-ix86+x86_64 0.4-9 28.00 86.00 114.00 OK
r-release-osx-x86_64 0.4-9 OK
r-oldrel-windows-ix86+x86_64 0.4-9 14.00 119.00 133.00 OK
r-oldrel-osx-x86_64 0.4-9 OK

Check Details

Version: 0.4-9
Check: compiled code
Result: NOTE
    File ‘rrcovNA/libs/rrcovNA.so’:
     Found no calls to: ‘R_registerRoutines’, ‘R_useDynamicSymbols’
    
    It is good practice to register native routines and to disable symbol
    search.
    
    See ‘Writing portable packages’ in the ‘Writing R Extensions’ manual.
Flavors: r-devel-linux-x86_64-debian-clang, r-devel-linux-x86_64-debian-gcc, r-devel-linux-x86_64-fedora-clang, r-devel-linux-x86_64-fedora-gcc, r-patched-linux-x86_64, r-release-linux-x86_64