CRAN Package Check Results for Package rrcov

Last updated on 2017-12-15 06:47:14 CET.

Flavor Version Tinstall Tcheck Ttotal Status Flags
r-devel-linux-x86_64-debian-clang 1.4-3 7.00 48.36 55.36 FAIL
r-devel-linux-x86_64-debian-gcc 1.4-3 5.84 132.90 138.74 NOTE
r-devel-linux-x86_64-fedora-clang 1.4-3 201.97 NOTE
r-devel-linux-x86_64-fedora-gcc 1.4-3 196.81 NOTE
r-devel-windows-ix86+x86_64 1.4-3 39.00 376.00 415.00 OK
r-patched-linux-x86_64 1.4-3 6.72 174.97 181.69 NOTE
r-patched-solaris-x86 1.4-3 248.40 OK
r-release-linux-x86_64 1.4-3 6.63 176.10 182.73 NOTE
r-release-windows-ix86+x86_64 1.4-3 22.00 251.00 273.00 OK
r-release-osx-x86_64 1.4-3 OK
r-oldrel-windows-ix86+x86_64 1.4-3 30.00 292.00 322.00 OK
r-oldrel-osx-x86_64 1.4-3 OK

Check Details

Version: 1.4-3
Check: pragmas in C/C++ headers and code
Result: FAIL
    
Flavor: r-devel-linux-x86_64-debian-clang

Version: 1.4-3
Check: compiled code
Result: NOTE
    File ‘rrcov/libs/rrcov.so’:
     Found no calls to: ‘R_registerRoutines’, ‘R_useDynamicSymbols’
    
    It is good practice to register native routines and to disable symbol
    search.
    
    See ‘Writing portable packages’ in the ‘Writing R Extensions’ manual.
Flavors: r-devel-linux-x86_64-debian-gcc, r-devel-linux-x86_64-fedora-clang, r-devel-linux-x86_64-fedora-gcc, r-patched-linux-x86_64, r-release-linux-x86_64