CRAN Package Check Results for Package rptR

Last updated on 2019-01-22 06:47:11 CET.

Flavor Version Tinstall Tcheck Ttotal Status Flags
r-devel-linux-x86_64-debian-clang 0.9.21 3.54 169.18 172.72 OK
r-devel-linux-x86_64-debian-gcc 0.9.21 2.92 123.63 126.55 OK
r-devel-linux-x86_64-fedora-clang 0.9.21 202.81 NOTE
r-devel-linux-x86_64-fedora-gcc 0.9.21 195.38 NOTE
r-devel-windows-ix86+x86_64 0.9.21 7.00 208.00 215.00 OK
r-patched-linux-x86_64 0.9.21 3.40 161.44 164.84 OK
r-patched-solaris-x86 0.9.21 277.50 NOTE
r-release-linux-x86_64 0.9.21 3.04 159.16 162.20 OK
r-release-windows-ix86+x86_64 0.9.21 9.00 225.00 234.00 OK
r-release-osx-x86_64 0.9.21 NOTE
r-oldrel-windows-ix86+x86_64 0.9.21 4.00 195.00 199.00 OK
r-oldrel-osx-x86_64 0.9.21 NOTE

Check Details

Version: 0.9.21
Check: dependencies in R code
Result: NOTE
    Namespace in Imports field not imported from: ‘methods’
     All declared Imports should be used.
Flavors: r-devel-linux-x86_64-fedora-clang, r-devel-linux-x86_64-fedora-gcc, r-patched-solaris-x86, r-release-osx-x86_64, r-oldrel-osx-x86_64