CRAN Package Check Results for Package rphast

Last updated on 2019-09-20 22:50:12 CEST.

Flavor Version Tinstall Tcheck Ttotal Status Flags
r-devel-linux-x86_64-debian-clang 1.6.9 64.79 91.30 156.09 OK
r-devel-linux-x86_64-debian-gcc 1.6.9 53.30 73.82 127.12 WARN
r-devel-linux-x86_64-fedora-clang 1.6.9 224.41 NOTE
r-devel-linux-x86_64-fedora-gcc 1.6.9 229.68 WARN
r-devel-windows-ix86+x86_64 1.6.9 207.00 179.00 386.00 NOTE
r-patched-linux-x86_64 1.6.9 57.70 91.81 149.51 WARN
r-patched-solaris-x86 1.6.9 296.10 OK
r-release-linux-x86_64 1.6.9 56.41 91.85 148.26 WARN
r-release-windows-ix86+x86_64 1.6.9 186.00 228.00 414.00 NOTE
r-release-osx-x86_64 1.6.9 NOTE
r-oldrel-windows-ix86+x86_64 1.6.9 182.00 184.00 366.00 NOTE
r-oldrel-osx-x86_64 1.6.9 NOTE

Check Details

Version: 1.6.9
Check: whether package can be installed
Result: WARN
    Found the following significant warnings:
     bgc_hmm.c:241:15: warning: passing argument 1 to restrict-qualified parameter aliases with argument 3 [-Wrestrict]
     bgc_hmm.c:242:13: warning: passing argument 1 to restrict-qualified parameter aliases with argument 3 [-Wrestrict]
     bgc_hmm.c:241:31: warning: ‘, ’ directive writing 2 bytes into a region of size between 1 and 10000 [-Wformat-overflow=]
     /usr/include/x86_64-linux-gnu/bits/string_fortified.h:106:10: warning: ‘__builtin_strncpy’ output truncated before terminating nul copying as many bytes from a string as its length [-Wstringop-truncation]
Flavor: r-devel-linux-x86_64-debian-gcc

Version: 1.6.9
Check: installed package size
Result: NOTE
     installed size is 6.8Mb
     sub-directories of 1Mb or more:
     extdata 1.0Mb
     libs 4.0Mb
Flavors: r-devel-linux-x86_64-fedora-clang, r-devel-windows-ix86+x86_64, r-release-windows-ix86+x86_64, r-release-osx-x86_64, r-oldrel-windows-ix86+x86_64, r-oldrel-osx-x86_64

Version: 1.6.9
Check: whether package can be installed
Result: WARN
    Found the following significant warnings:
     bgc_hmm.c:241:15: warning: passing argument 1 to restrict-qualified parameter aliases with argument 3 [-Wrestrict]
     bgc_hmm.c:242:13: warning: passing argument 1 to restrict-qualified parameter aliases with argument 3 [-Wrestrict]
     bgc_hmm.c:241:31: warning: ‘, ’ directive writing 2 bytes into a region of size between 1 and 10000 [-Wformat-overflow=]
     /usr/include/bits/string_fortified.h:106:10: warning: ‘__builtin_strncpy’ output truncated before terminating nul copying as many bytes from a string as its length [-Wstringop-truncation]
Flavor: r-devel-linux-x86_64-fedora-gcc

Version: 1.6.9
Check: whether package can be installed
Result: WARN
    Found the following significant warnings:
     bgc_hmm.c:241:31: warning: ‘, ’ directive writing 2 bytes into a region of size between 1 and 10000 [-Wformat-overflow=]
     rph_tfbs.c:371:11: warning: ‘strncpy’ output truncated before terminating nul copying as many bytes from a string as its length [-Wstringop-truncation]
     rph_tfbs.c:351:11: warning: ‘strncpy’ output truncated before terminating nul copying as many bytes from a string as its length [-Wstringop-truncation]
     rph_tfbs.c:819:5: warning: ‘strncpy’ output truncated before terminating nul copying as many bytes from a string as its length [-Wstringop-truncation]
Flavors: r-patched-linux-x86_64, r-release-linux-x86_64

Version: 1.6.9
Check: package dependencies
Result: NOTE
    Package suggested but not available for checking: ‘seqLogo’
Flavor: r-release-osx-x86_64