CRAN Package Check Results for Package rpcdsearch

Last updated on 2019-09-15 16:47:28 CEST.

Flavor Version Tinstall Tcheck Ttotal Status Flags
r-devel-linux-x86_64-debian-clang 1.0 9.22 82.28 91.50 NOTE
r-devel-linux-x86_64-debian-gcc 1.0 7.54 63.52 71.06 NOTE
r-devel-linux-x86_64-fedora-clang 1.0 112.97 OK
r-devel-linux-x86_64-fedora-gcc 1.0 104.06 OK
r-devel-windows-ix86+x86_64 1.0 18.00 6.00 24.00 ERROR
r-patched-linux-x86_64 1.0 10.11 79.89 90.00 OK
r-patched-solaris-x86 1.0 117.80 OK
r-release-linux-x86_64 1.0 9.69 78.87 88.56 OK
r-release-windows-ix86+x86_64 1.0 20.00 98.00 118.00 OK
r-release-osx-x86_64 1.0 OK
r-oldrel-windows-ix86+x86_64 1.0 14.00 73.00 87.00 OK
r-oldrel-osx-x86_64 1.0 OK

Check Details

Version: 1.0
Check: package vignettes
Result: NOTE
    Package vignette with placeholder title 'Vignette Title':
     'codelists.Rmd'
Flavors: r-devel-linux-x86_64-debian-clang, r-devel-linux-x86_64-debian-gcc

Version: 1.0
Check: whether package can be installed
Result: ERROR
    Installation failed.
Flavor: r-devel-windows-ix86+x86_64