CRAN Package Check Results for Package robustbase

Last updated on 2018-10-20 09:55:14 CEST.

Flavor Version Tinstall Tcheck Ttotal Status Flags
r-devel-linux-x86_64-debian-clang 0.93-3 18.79 327.19 345.98 OK
r-devel-linux-x86_64-debian-gcc 0.93-3 18.48 251.39 269.87 OK
r-devel-linux-x86_64-fedora-clang 0.93-3 410.45 OK
r-devel-linux-x86_64-fedora-gcc 0.93-3 400.38 OK
r-devel-windows-ix86+x86_64 0.93-3 70.00 673.00 743.00 OK
r-patched-linux-x86_64 0.93-3 19.35 316.79 336.14 OK
r-patched-solaris-x86 0.93-3 530.20 OK
r-release-linux-x86_64 0.93-3 21.00 317.12 338.12 OK
r-release-windows-ix86+x86_64 0.93-3 62.00 654.00 716.00 OK
r-release-osx-x86_64 0.93-3 OK
r-oldrel-windows-ix86+x86_64 0.93-3 47.00 599.00 646.00 WARN
r-oldrel-osx-x86_64 0.93-3 ERROR

Additional issues

ATLAS MKL OpenBLAS

Check Details

Version: 0.93-3
Check: for code/documentation mismatches
Result: WARN
    Functions or methods with usage in documentation object 'CrohnD' but not in code:
     data
    
    Functions or methods with usage in documentation object 'NOxEmissions' but not in code:
     data
    
    Functions or methods with usage in documentation object 'SiegelsEx' but not in code:
     data
    
    Functions or methods with usage in documentation object 'aircraft' but not in code:
     data
    
    Functions or methods with usage in documentation object 'airmay' but not in code:
     data
    
    Functions or methods with usage in documentation object 'alcohol' but not in code:
     data
    
    Functions or methods with usage in documentation object 'ambientNOxCH' but not in code:
     data
    
    Functions or methods with usage in documentation object 'biomassTill' but not in code:
     data
    
    Functions or methods with usage in documentation object 'bushfire' but not in code:
     data
    
    Functions or methods with usage in documentation object 'carrots' but not in code:
     data
    
    Functions or methods with usage in documentation object 'cloud' but not in code:
     data
    
    Functions or methods with usage in documentation object 'coleman' but not in code:
     data
    
    Functions or methods with usage in documentation object 'condroz' but not in code:
     data
    
    Functions or methods with usage in documentation object 'cushny' but not in code:
     data
    
    Functions or methods with usage in documentation object 'delivery' but not in code:
     data
    
    Functions or methods with usage in documentation object 'education' but not in code:
     data
    
    Functions or methods with usage in documentation object 'epilepsy' but not in code:
     data
    
    Functions or methods with usage in documentation object 'exAM' but not in code:
     data
    
    Functions or methods with usage in documentation object 'foodstamp' but not in code:
     data
    
    Functions or methods with usage in documentation object 'hbk' but not in code:
     data
    
    Functions or methods with usage in documentation object 'kootenay' but not in code:
     data
    
    Functions or methods with usage in documentation object 'lactic' but not in code:
     data
    
    Functions or methods with usage in documentation object 'los' but not in code:
     data
    
    Functions or methods with usage in documentation object 'milk' but not in code:
     data
    
    Functions or methods with usage in documentation object 'pension' but not in code:
     data
    
    Functions or methods with usage in documentation object 'phosphor' but not in code:
     data
    
    Functions or methods with usage in documentation object 'pilot' but not in code:
     data
    
    Functions or methods with usage in documentation object 'possumDiv' but not in code:
     data
    
    Functions or methods with usage in documentation object 'pulpfiber' but not in code:
     data
    
    Functions or methods with usage in documentation object 'radarImage' but not in code:
     data
    
    Functions or methods with usage in documentation object 'salinity' but not in code:
     data
    
    Functions or methods with usage in documentation object 'starsCYG' but not in code:
     data
    
    Functions or methods with usage in documentation object 'steamUse' but not in code:
     data
    
    Functions or methods with usage in documentation object 'telef' but not in code:
     data
    
    Functions or methods with usage in documentation object 'toxicity' but not in code:
     data
    
    Functions or methods with usage in documentation object 'vaso' but not in code:
     data
    
    Functions or methods with usage in documentation object 'wagnerGrowth' but not in code:
     data
    
    Functions or methods with usage in documentation object 'wood' but not in code:
     data
Flavors: r-oldrel-windows-ix86+x86_64, r-oldrel-osx-x86_64

Version: 0.93-3
Check: Rd \usage sections
Result: WARN
    Undocumented arguments in documentation object 'CrohnD'
     'CrohnD' 'package'
    Objects in \usage without \alias in documentation object 'CrohnD':
     'data'
    
    Undocumented arguments in documentation object 'NOxEmissions'
     'NOxEmissions' 'package'
    Objects in \usage without \alias in documentation object 'NOxEmissions':
     'data'
    
    Undocumented arguments in documentation object 'SiegelsEx'
     'SiegelsEx' 'package'
    Objects in \usage without \alias in documentation object 'SiegelsEx':
     'data'
    
    Undocumented arguments in documentation object 'aircraft'
     'aircraft' 'package'
    Objects in \usage without \alias in documentation object 'aircraft':
     'data'
    
    Undocumented arguments in documentation object 'airmay'
     'airmay' 'package'
    Objects in \usage without \alias in documentation object 'airmay':
     'data'
    
    Undocumented arguments in documentation object 'alcohol'
     'alcohol' 'package'
    Objects in \usage without \alias in documentation object 'alcohol':
     'data'
    
    Undocumented arguments in documentation object 'ambientNOxCH'
     'ambientNOxCH' 'package'
    Objects in \usage without \alias in documentation object 'ambientNOxCH':
     'data'
    
    Undocumented arguments in documentation object 'biomassTill'
     'biomassTill' 'package'
    Objects in \usage without \alias in documentation object 'biomassTill':
     'data'
    
    Undocumented arguments in documentation object 'bushfire'
     'bushfire' 'package'
    Objects in \usage without \alias in documentation object 'bushfire':
     'data'
    
    Undocumented arguments in documentation object 'carrots'
     'carrots' 'package'
    Objects in \usage without \alias in documentation object 'carrots':
     'data'
    
    Undocumented arguments in documentation object 'cloud'
     'cloud' 'package'
    Objects in \usage without \alias in documentation object 'cloud':
     'data'
    
    Undocumented arguments in documentation object 'coleman'
     'coleman' 'package'
    Objects in \usage without \alias in documentation object 'coleman':
     'data'
    
    Undocumented arguments in documentation object 'condroz'
     'condroz' 'package'
    Objects in \usage without \alias in documentation object 'condroz':
     'data'
    
    Undocumented arguments in documentation object 'cushny'
     'cushny' 'package'
    Objects in \usage without \alias in documentation object 'cushny':
     'data'
    
    Undocumented arguments in documentation object 'delivery'
     'delivery' 'package'
    Objects in \usage without \alias in documentation object 'delivery':
     'data'
    
    Undocumented arguments in documentation object 'education'
     'education' 'package'
    Objects in \usage without \alias in documentation object 'education':
     'data'
    
    Undocumented arguments in documentation object 'epilepsy'
     'epilepsy' 'package'
    Objects in \usage without \alias in documentation object 'epilepsy':
     'data'
    
    Undocumented arguments in documentation object 'exAM'
     'exAM' 'package'
    Objects in \usage without \alias in documentation object 'exAM':
     'data'
    
    Undocumented arguments in documentation object 'foodstamp'
     'foodstamp' 'package'
    Objects in \usage without \alias in documentation object 'foodstamp':
     'data'
    
    Undocumented arguments in documentation object 'hbk'
     'hbk' 'package'
    Objects in \usage without \alias in documentation object 'hbk':
     'data'
    
    Undocumented arguments in documentation object 'kootenay'
     'kootenay' 'package'
    Objects in \usage without \alias in documentation object 'kootenay':
     'data'
    
    Undocumented arguments in documentation object 'lactic'
     'lactic' 'package'
    Objects in \usage without \alias in documentation object 'lactic':
     'data'
    
    Undocumented arguments in documentation object 'los'
     'los' 'package'
    Objects in \usage without \alias in documentation object 'los':
     'data'
    
    Undocumented arguments in documentation object 'milk'
     'milk' 'package'
    Objects in \usage without \alias in documentation object 'milk':
     'data'
    
    Undocumented arguments in documentation object 'pension'
     'pension' 'package'
    Objects in \usage without \alias in documentation object 'pension':
     'data'
    
    Undocumented arguments in documentation object 'phosphor'
     'phosphor' 'package'
    Objects in \usage without \alias in documentation object 'phosphor':
     'data'
    
    Undocumented arguments in documentation object 'pilot'
     'pilot' 'package'
    Objects in \usage without \alias in documentation object 'pilot':
     'data'
    
    Undocumented arguments in documentation object 'possumDiv'
     'possumDiv' 'package'
    Objects in \usage without \alias in documentation object 'possumDiv':
     'data'
    
    Undocumented arguments in documentation object 'pulpfiber'
     'pulpfiber' 'package'
    Objects in \usage without \alias in documentation object 'pulpfiber':
     'data'
    
    Undocumented arguments in documentation object 'radarImage'
     'radarImage' 'package'
    Objects in \usage without \alias in documentation object 'radarImage':
     'data'
    
    Undocumented arguments in documentation object 'salinity'
     'salinity' 'package'
    Objects in \usage without \alias in documentation object 'salinity':
     'data'
    
    Undocumented arguments in documentation object 'starsCYG'
     'starsCYG' 'package'
    Objects in \usage without \alias in documentation object 'starsCYG':
     'data'
    
    Undocumented arguments in documentation object 'steamUse'
     'steamUse' 'package'
    Objects in \usage without \alias in documentation object 'steamUse':
     'data'
    
    Undocumented arguments in documentation object 'telef'
     'telef' 'package'
    Objects in \usage without \alias in documentation object 'telef':
     'data'
    
    Undocumented arguments in documentation object 'toxicity'
     'toxicity' 'package'
    Objects in \usage without \alias in documentation object 'toxicity':
     'data'
    
    Undocumented arguments in documentation object 'vaso'
     'vaso' 'package'
    Objects in \usage without \alias in documentation object 'vaso':
     'data'
    
    Undocumented arguments in documentation object 'wagnerGrowth'
     'wagnerGrowth' 'package'
    Objects in \usage without \alias in documentation object 'wagnerGrowth':
     'data'
    
    Undocumented arguments in documentation object 'wood'
     'wood' 'package'
    Objects in \usage without \alias in documentation object 'wood':
     'data'
    
    Functions with \usage entries need to have the appropriate \alias
    entries, and all their arguments documented.
    The \usage entries must correspond to syntactically valid R code.
    See chapter 'Writing R documentation files' in the 'Writing R
    Extensions' manual.
Flavors: r-oldrel-windows-ix86+x86_64, r-oldrel-osx-x86_64

Version: 0.93-3
Check: tests
Result: ERROR
     Running ‘LTS-specials.R’ [1s/1s]
     Running ‘MCD-specials.R’ [1s/1s]
     Comparing ‘MCD-specials.Rout’ to ‘MCD-specials.Rout.save’ ... OK
     Running ‘MT-tst.R’ [7s/7s]
     Running ‘NAcoef.R’ [2s/2s]
    Running the tests in ‘tests/NAcoef.R’ failed.
    Last 13 lines of output:
     > sc6 <- summary(cm6 <- lm(y ~ 0+x1+x2+offset(os), data, weights=w))
     >
     > if(getRversion() <= "3.5.1" && as.numeric(R.version$`svn rev`) < 74993)
     + ## in the past, lm() returned logical empty matrix
     + storage.mode(sc6$coefficients) <- "double"
     >
     > stopifnot(all.equal(coef(m5), coef(cm5), tolerance = 0.01),
     + all.equal(coef(m6), coef(cm6), tolerance = 1e-14),
     + all.equal(coef(sm5), coef(sc5), tolerance = 0.05),
     + all.equal(coef(sm6), coef(sc6), tolerance = 1e-14),
     + identical(sm5$df, sc5$df),
     + identical(sm6$df, sc6$df))
     Error: coef(sm6) and coef(sc6) are not equal:
     Modes: numeric, logical
     Execution halted
Flavor: r-oldrel-osx-x86_64