CRAN Package Check Results for Package robCompositions

Last updated on 2018-11-18 10:50:14 CET.

Flavor Version Tinstall Tcheck Ttotal Status Flags
r-devel-linux-x86_64-debian-clang 2.0.9 17.08 196.52 213.60 OK
r-devel-linux-x86_64-debian-gcc 2.0.9 15.86 153.60 169.46 OK
r-devel-linux-x86_64-fedora-clang 2.0.9 258.25 NOTE
r-devel-linux-x86_64-fedora-gcc 2.0.9 252.27 NOTE
r-devel-windows-ix86+x86_64 2.0.9 45.00 165.00 210.00 OK --no-examples --no-tests --no-vignettes
r-patched-linux-x86_64 2.0.9 14.73 189.07 203.80 OK
r-patched-solaris-x86 2.0.9 309.50 NOTE
r-release-linux-x86_64 2.0.9 18.21 189.65 207.86 OK
r-release-windows-ix86+x86_64 2.0.9 48.00 229.00 277.00 OK --no-examples --no-tests --no-vignettes
r-release-osx-x86_64 2.0.9 NOTE
r-oldrel-windows-ix86+x86_64 2.0.9 22.00 248.00 270.00 OK --no-examples --no-tests --no-vignettes
r-oldrel-osx-x86_64 2.0.9 NOTE

Check Details

Version: 2.0.9
Check: data for non-ASCII characters
Result: NOTE
     Note: found 5701 marked UTF-8 strings
Flavors: r-devel-linux-x86_64-fedora-clang, r-devel-linux-x86_64-fedora-gcc, r-patched-solaris-x86, r-release-osx-x86_64, r-oldrel-osx-x86_64