CRAN Package Check Results for Package robCompositions

Last updated on 2017-12-12 13:49:30 CET.

Flavor Version Tinstall Tcheck Ttotal Status Flags
r-devel-linux-x86_64-debian-clang 2.0.6 9.57 195.03 204.60 OK
r-devel-linux-x86_64-debian-gcc 2.0.6 10.32 147.94 158.26 OK
r-devel-linux-x86_64-fedora-clang 2.0.6 244.15 NOTE
r-devel-linux-x86_64-fedora-gcc 2.0.6 245.68 NOTE
r-devel-windows-ix86+x86_64 2.0.6 38.00 231.00 269.00 OK --no-examples --no-tests --no-vignettes
r-patched-linux-x86_64 2.0.6 11.07 208.27 219.34 OK
r-patched-solaris-x86 2.0.6 364.70 NOTE
r-release-linux-x86_64 2.0.6 9.96 204.26 214.22 OK
r-release-windows-ix86+x86_64 2.0.6 27.00 224.00 251.00 OK --no-examples --no-tests --no-vignettes
r-release-osx-x86_64 2.0.6 WARN
r-oldrel-windows-ix86+x86_64 2.0.6 26.00 210.00 236.00 OK --no-examples --no-tests --no-vignettes
r-oldrel-osx-x86_64 2.0.6 NOTE

Check Details

Version: 2.0.6
Check: data for non-ASCII characters
Result: NOTE
     Note: found 5701 marked UTF-8 strings
Flavors: r-devel-linux-x86_64-fedora-clang, r-devel-linux-x86_64-fedora-gcc, r-patched-solaris-x86, r-release-osx-x86_64, r-oldrel-osx-x86_64

Version: 2.0.6
Check: re-building of vignette outputs
Result: WARN
    Error in re-building vignettes:
     ...
    Warning: running command 'kpsewhich framed.sty' had status 1
    Warning in test_latex_pkg("framed", system.file("misc", "framed.sty", package = "knitr")) :
     unable to find LaTeX package 'framed'; will use a copy from knitr
    Warning in warn_if_args_exist(list(...)) :
     Extra arguments: 'colour', 'alpha', 'shape' are being ignored. If these are meant to be aesthetics, submit them using the 'mapping' variable within ggpairs with ggplot2::aes or ggplot2::aes_string.
    `stat_bin()` using `bins = 30`. Pick better value with `binwidth`.
    `stat_bin()` using `bins = 30`. Pick better value with `binwidth`.
    `stat_bin()` using `bins = 30`. Pick better value with `binwidth`.
    Error in texi2dvi(file = file, pdf = TRUE, clean = clean, quiet = quiet, :
     Running 'texi2dvi' on 'robCompositions-overview.tex' failed.
    LaTeX errors:
    ! LaTeX Error: File `subfigure.sty' not found.
    
    Type X to quit or <RETURN> to proceed,
    or enter new name. (Default extension: sty)
    
    ! Emergency stop.
    <read *>
    
    l.5 ^^M
    
    ! ==> Fatal error occurred, no output PDF file produced!
    Calls: buildVignettes -> texi2pdf -> texi2dvi
    Execution halted
Flavor: r-release-osx-x86_64