CRAN Package Check Results for Package robCompositions

Last updated on 2018-05-21 00:50:17 CEST.

Flavor Version Tinstall Tcheck Ttotal Status Flags
r-devel-linux-x86_64-debian-clang 2.0.7 17.07 194.33 211.40 OK
r-devel-linux-x86_64-debian-gcc 2.0.7 15.88 162.84 178.72 OK
r-devel-linux-x86_64-fedora-clang 2.0.7 282.51 NOTE
r-devel-linux-x86_64-fedora-gcc 2.0.7 275.68 NOTE
r-devel-windows-ix86+x86_64 2.0.7 36.00 237.00 273.00 OK --no-examples --no-tests --no-vignettes
r-patched-linux-x86_64 2.0.7 16.44 185.99 202.43 OK
r-patched-solaris-x86 2.0.7 354.60 NOTE
r-release-linux-x86_64 2.0.7 16.73 185.78 202.51 OK
r-release-windows-ix86+x86_64 2.0.7 33.00 158.00 191.00 OK --no-examples --no-tests --no-vignettes
r-release-osx-x86_64 2.0.7 NOTE
r-oldrel-windows-ix86+x86_64 2.0.7 27.00 218.00 245.00 OK --no-examples --no-tests --no-vignettes
r-oldrel-osx-x86_64 2.0.7 NOTE

Check Details

Version: 2.0.7
Check: data for non-ASCII characters
Result: NOTE
     Note: found 5701 marked UTF-8 strings
Flavors: r-devel-linux-x86_64-fedora-clang, r-devel-linux-x86_64-fedora-gcc, r-patched-solaris-x86, r-release-osx-x86_64, r-oldrel-osx-x86_64