CRAN Package Check Results for Package rnetcarto

Last updated on 2019-09-19 14:46:57 CEST.

Flavor Version Tinstall Tcheck Ttotal Status Flags
r-devel-linux-x86_64-debian-clang 0.2.4 3.85 23.20 27.05 OK
r-devel-linux-x86_64-debian-gcc 0.2.4 3.04 18.58 21.62 OK
r-devel-linux-x86_64-fedora-clang 0.2.4 35.34 NOTE
r-devel-linux-x86_64-fedora-gcc 0.2.4 34.53 NOTE
r-devel-windows-ix86+x86_64 0.2.4 21.00 51.00 72.00 OK
r-patched-linux-x86_64 0.2.4 3.13 22.73 25.86 OK
r-patched-solaris-x86 0.2.4 53.30 OK
r-release-linux-x86_64 0.2.4 3.52 23.33 26.85 OK
r-release-windows-ix86+x86_64 0.2.4 13.00 59.00 72.00 OK
r-release-osx-x86_64 0.2.4 OK
r-oldrel-windows-ix86+x86_64 0.2.4 9.00 42.00 51.00 OK
r-oldrel-osx-x86_64 0.2.4 OK

Check Details

Version: 0.2.4
Check: compiled code
Result: NOTE
    File ‘rnetcarto/libs/rnetcarto.so’:
     Found no calls to: ‘R_registerRoutines’, ‘R_useDynamicSymbols’
    
    It is good practice to register native routines and to disable symbol
    search.
    
    See ‘Writing portable packages’ in the ‘Writing R Extensions’ manual.
Flavors: r-devel-linux-x86_64-fedora-clang, r-devel-linux-x86_64-fedora-gcc