CRAN Package Check Results for Package rjags

Last updated on 2018-02-18 01:46:47 CET.

Flavor Version Tinstall Tcheck Ttotal Status Flags
r-devel-linux-x86_64-debian-clang 4-6 6.76 21.27 28.03 NOTE
r-devel-linux-x86_64-debian-gcc 4-6 4.33 19.12 23.45 NOTE
r-devel-linux-x86_64-fedora-clang 4-6 34.76 NOTE
r-devel-linux-x86_64-fedora-gcc 4-6 32.58 NOTE
r-devel-windows-ix86+x86_64 4-6 15.00 46.00 61.00 OK
r-patched-linux-x86_64 4-6 6.09 23.20 29.29 NOTE
r-patched-solaris-x86 4-6 47.80 OK
r-release-linux-x86_64 4-6 5.49 23.14 28.63 NOTE
r-release-windows-ix86+x86_64 4-6 20.00 62.00 82.00 OK
r-release-osx-x86_64 4-6 OK
r-oldrel-windows-ix86+x86_64 4-6 14.00 55.00 69.00 OK
r-oldrel-osx-x86_64 4-6 NOTE

Check Details

Version: 4-6
Check: compiled code
Result: NOTE
    File ‘rjags/libs/rjags.so’:
     Found no calls to: ‘R_registerRoutines’, ‘R_useDynamicSymbols’
    
    It is good practice to register native routines and to disable symbol
    search.
    
    See ‘Writing portable packages’ in the ‘Writing R Extensions’ manual.
Flavors: r-devel-linux-x86_64-debian-clang, r-devel-linux-x86_64-debian-gcc, r-devel-linux-x86_64-fedora-clang, r-devel-linux-x86_64-fedora-gcc, r-patched-linux-x86_64, r-release-linux-x86_64

Version: 4-6
Check: dependencies in R code
Result: NOTE
    Invalid MIT-MAGIC-COOKIE-1 key
Flavor: r-oldrel-osx-x86_64