CRAN Package Check Results for Package rjags

Last updated on 2017-12-14 09:47:32 CET.

Flavor Version Tinstall Tcheck Ttotal Status Flags
r-devel-linux-x86_64-debian-clang 4-6 4.78 16.84 21.62 FAIL
r-devel-linux-x86_64-debian-gcc 4-6 4.73 17.39 22.12 FAIL
r-devel-linux-x86_64-fedora-clang 4-6 34.72 NOTE
r-devel-linux-x86_64-fedora-gcc 4-6 32.89 NOTE
r-devel-windows-ix86+x86_64 4-6 16.00 46.00 62.00 OK
r-patched-linux-x86_64 4-6 4.45 22.61 27.06 NOTE
r-patched-solaris-x86 4-6 47.70 OK
r-release-linux-x86_64 4-6 4.58 22.19 26.77 NOTE
r-release-windows-ix86+x86_64 4-6 14.00 60.00 74.00 OK
r-release-osx-x86_64 4-6 OK
r-oldrel-windows-ix86+x86_64 4-6 12.00 54.00 66.00 OK
r-oldrel-osx-x86_64 4-6 NOTE

Check Details

Version: 4-6
Check: pragmas in C/C++ headers and code
Result: FAIL
    
Flavors: r-devel-linux-x86_64-debian-clang, r-devel-linux-x86_64-debian-gcc

Version: 4-6
Check: compiled code
Result: NOTE
    File ‘rjags/libs/rjags.so’:
     Found no calls to: ‘R_registerRoutines’, ‘R_useDynamicSymbols’
    
    It is good practice to register native routines and to disable symbol
    search.
    
    See ‘Writing portable packages’ in the ‘Writing R Extensions’ manual.
Flavors: r-devel-linux-x86_64-fedora-clang, r-devel-linux-x86_64-fedora-gcc, r-patched-linux-x86_64, r-release-linux-x86_64

Version: 4-6
Check: dependencies in R code
Result: NOTE
    Invalid MIT-MAGIC-COOKIE-1 key
Flavor: r-oldrel-osx-x86_64