CRAN Package Check Results for Package rjags

Last updated on 2018-05-27 06:47:10 CEST.

Flavor Version Tinstall Tcheck Ttotal Status Flags
r-devel-linux-x86_64-debian-clang 4-6 7.48 22.41 29.89 NOTE
r-devel-linux-x86_64-debian-gcc 4-6 5.66 19.75 25.41 NOTE
r-devel-linux-x86_64-fedora-clang 4-6 37.23 NOTE
r-devel-linux-x86_64-fedora-gcc 4-6 33.96 NOTE
r-devel-windows-ix86+x86_64 4-6 15.00 57.00 72.00 OK
r-patched-linux-x86_64 4-6 7.20 21.41 28.61 NOTE
r-patched-solaris-x86 4-6 51.50 OK
r-release-linux-x86_64 4-6 6.64 21.30 27.94 NOTE
r-release-windows-ix86+x86_64 4-6 21.00 53.00 74.00 OK
r-release-osx-x86_64 4-6 OK
r-oldrel-windows-ix86+x86_64 4-6 17.00 59.00 76.00 OK
r-oldrel-osx-x86_64 4-6 OK

Check Details

Version: 4-6
Check: compiled code
Result: NOTE
    File ‘rjags/libs/rjags.so’:
     Found no calls to: ‘R_registerRoutines’, ‘R_useDynamicSymbols’
    
    It is good practice to register native routines and to disable symbol
    search.
    
    See ‘Writing portable packages’ in the ‘Writing R Extensions’ manual.
Flavors: r-devel-linux-x86_64-debian-clang, r-devel-linux-x86_64-debian-gcc, r-devel-linux-x86_64-fedora-clang, r-devel-linux-x86_64-fedora-gcc, r-patched-linux-x86_64, r-release-linux-x86_64