CRAN Package Check Results for Package rinat

Last updated on 2019-09-22 17:49:24 CEST.

Flavor Version Tinstall Tcheck Ttotal Status Flags
r-devel-linux-x86_64-debian-clang 0.1.5 3.42 40.24 43.66 OK
r-devel-linux-x86_64-debian-gcc 0.1.5 3.11 32.02 35.13 OK
r-devel-linux-x86_64-fedora-clang 0.1.5 54.35 OK
r-devel-linux-x86_64-fedora-gcc 0.1.5 52.61 OK
r-devel-windows-ix86+x86_64 0.1.5 24.00 120.00 144.00 OK
r-patched-linux-x86_64 0.1.5 3.21 39.02 42.23 OK
r-patched-solaris-x86 0.1.5 79.10 OK
r-release-linux-x86_64 0.1.5 3.06 39.86 42.92 OK
r-release-windows-ix86+x86_64 0.1.5 11.00 115.00 126.00 OK
r-release-osx-x86_64 0.1.5 OK
r-oldrel-windows-ix86+x86_64 0.1.5 6.00 97.00 103.00 WARN
r-oldrel-osx-x86_64 0.1.5 OK

Check Details

Version: 0.1.5
Check: re-building of vignette outputs
Result: WARN
    Error in re-building vignettes:
     ...
    Quitting from lines 100-102 (rinatVignette.Rmd)
    Error: processing vignette 'rinatVignette.Rmd' failed with diagnostics:
    cannot open the connection
    Execution halted
Flavor: r-oldrel-windows-ix86+x86_64