CRAN Package Check Results for Package rhub

Last updated on 2020-01-20 23:50:22 CET.

Flavor Version Tinstall Tcheck Ttotal Status Flags
r-devel-linux-x86_64-debian-clang 1.1.1 7.48 59.32 66.80 OK
r-devel-linux-x86_64-debian-gcc 1.1.1 5.49 45.75 51.24 WARN
r-devel-linux-x86_64-fedora-clang 1.1.1 79.54 OK
r-devel-linux-x86_64-fedora-gcc 1.1.1 77.76 OK
r-devel-windows-ix86+x86_64 1.1.1 31.00 109.00 140.00 OK
r-devel-windows-ix86+x86_64-gcc8 1.1.1 18.00 81.00 99.00 OK
r-patched-linux-x86_64 1.1.1 5.13 54.51 59.64 OK
r-patched-solaris-x86 1.1.1 87.10 OK
r-release-linux-x86_64 1.1.1 5.80 54.09 59.89 OK
r-release-windows-ix86+x86_64 1.1.1 11.00 68.00 79.00 OK
r-release-osx-x86_64 1.1.1 OK
r-oldrel-windows-ix86+x86_64 1.1.1 8.00 56.00 64.00 OK
r-oldrel-osx-x86_64 1.1.1 OK

Check Details

Version: 1.1.1
Check: re-building of vignette outputs
Result: WARN
    Error(s) in re-building vignettes:
     ...
    --- re-building ‘local-debugging.Rmd’ using rmarkdown
    Quitting from lines 71-74 (local-debugging.Rmd)
    Error: processing vignette 'local-debugging.Rmd' failed with diagnostics:
    rhub error
    --- failed re-building ‘local-debugging.Rmd’
    
    --- re-building ‘rhub.Rmd’ using rmarkdown
    No encoding supplied: defaulting to UTF-8.
    Quitting from lines 25-105 (rhub.Rmd)
    Error: processing vignette 'rhub.Rmd' failed with diagnostics:
    rhub error
    --- failed re-building ‘rhub.Rmd’
    
    SUMMARY: processing the following files failed:
     ‘local-debugging.Rmd’ ‘rhub.Rmd’
    
    Error: Vignette re-building failed.
    Execution halted
Flavor: r-devel-linux-x86_64-debian-gcc