CRAN Package Check Results for Package rggobi

Last updated on 2019-05-26 22:52:25 CEST.

Flavor Version Tinstall Tcheck Ttotal Status Flags
r-devel-linux-x86_64-debian-clang 2.1.22 23.54 33.28 56.82 NOTE
r-devel-linux-x86_64-debian-gcc 2.1.22 13.69 26.99 40.68 NOTE
r-devel-linux-x86_64-fedora-clang 2.1.22 69.54 NOTE
r-devel-linux-x86_64-fedora-gcc 2.1.22 60.24 NOTE
r-devel-windows-ix86+x86_64 2.1.22 82.00 76.00 158.00 NOTE
r-patched-linux-x86_64 2.1.22 NOTE
r-release-linux-x86_64 2.1.22 17.02 33.40 50.42 NOTE
r-release-windows-ix86+x86_64 2.1.22 149.00 55.00 204.00 NOTE
r-release-osx-x86_64 2.1.22 ERROR
r-oldrel-windows-ix86+x86_64 2.1.22 134.00 55.00 189.00 OK
r-oldrel-osx-x86_64 2.1.22 ERROR

Additional issues

LTO

Check Details

Version: 2.1.22
Check: top-level files
Result: NOTE
    Found a 'configure.in' file: 'configure.ac' has long been preferred.
     Output from running autoreconf:
     aclocal: warning: autoconf input should be named 'configure.ac', not 'configure.in'
Flavors: r-devel-linux-x86_64-debian-clang, r-devel-linux-x86_64-debian-gcc, r-devel-linux-x86_64-fedora-clang, r-devel-linux-x86_64-fedora-gcc, r-patched-linux-x86_64, r-release-linux-x86_64

Version: 2.1.22
Check: top-level files
Result: NOTE
    Found a 'configure.in' file: 'configure.ac' has long been preferred.
Flavors: r-devel-windows-ix86+x86_64, r-release-windows-ix86+x86_64

Version: 2.1.22
Check: package dependencies
Result: ERROR
    Package required but not available: ‘RGtk2’
    
    See section ‘The DESCRIPTION file’ in the ‘Writing R Extensions’
    manual.
Flavors: r-release-osx-x86_64, r-oldrel-osx-x86_64