CRAN Package Check Results for Package rggobi

Last updated on 2019-08-19 11:49:12 CEST.

Flavor Version Tinstall Tcheck Ttotal Status Flags
r-devel-linux-x86_64-debian-clang 2.1.22 24.61 33.37 57.98 NOTE
r-devel-linux-x86_64-debian-gcc 2.1.22 13.49 26.76 40.25 NOTE
r-devel-linux-x86_64-fedora-clang 2.1.22 79.23 NOTE
r-devel-linux-x86_64-fedora-gcc 2.1.22 63.73 NOTE
r-devel-windows-ix86+x86_64 2.1.22 168.00 61.00 229.00 NOTE
r-patched-linux-x86_64 2.1.22 16.26 33.28 49.54 NOTE
r-release-linux-x86_64 2.1.22 17.73 33.26 50.99 NOTE
r-release-windows-ix86+x86_64 2.1.22 89.00 53.00 142.00 NOTE
r-release-osx-x86_64 2.1.22 ERROR
r-oldrel-windows-ix86+x86_64 2.1.22 485.00 74.00 559.00 OK
r-oldrel-osx-x86_64 2.1.22 ERROR

Additional issues

LTO

Check Details

Version: 2.1.22
Check: top-level files
Result: NOTE
    Found a 'configure.in' file: 'configure.ac' has long been preferred.
     Output from running autoreconf:
     aclocal: warning: autoconf input should be named 'configure.ac', not 'configure.in'
Flavors: r-devel-linux-x86_64-debian-clang, r-devel-linux-x86_64-debian-gcc, r-devel-linux-x86_64-fedora-clang, r-devel-linux-x86_64-fedora-gcc, r-patched-linux-x86_64, r-release-linux-x86_64

Version: 2.1.22
Check: top-level files
Result: NOTE
    Found a 'configure.in' file: 'configure.ac' has long been preferred.
Flavors: r-devel-windows-ix86+x86_64, r-release-windows-ix86+x86_64

Version: 2.1.22
Check: whether package can be installed
Result: ERROR
    Installation failed.
Flavors: r-release-osx-x86_64, r-oldrel-osx-x86_64