CRAN Package Check Results for Package rfviz

Last updated on 2019-04-19 03:47:44 CEST.

Flavor Version Tinstall Tcheck Ttotal Status Flags
r-devel-linux-x86_64-debian-clang 1.0.0 2.10 26.79 28.89 OK
r-devel-linux-x86_64-debian-gcc 1.0.0 2.07 22.32 24.39 OK
r-devel-linux-x86_64-fedora-clang 1.0.0 36.95 NOTE
r-devel-linux-x86_64-fedora-gcc 1.0.0 36.01 NOTE
r-devel-windows-ix86+x86_64 1.0.0 10.00 46.00 56.00 OK
r-patched-linux-x86_64 1.0.0 2.30 27.49 29.79 OK
r-patched-solaris-x86 1.0.0 58.20 NOTE
r-release-linux-x86_64 1.0.0 1.53 25.14 26.67 OK
r-release-windows-ix86+x86_64 1.0.0 4.00 76.00 80.00 OK
r-release-osx-x86_64 1.0.0 NOTE
r-oldrel-osx-x86_64 1.0.0 ERROR

Check Details

Version: 1.0.0
Check: dependencies in R code
Result: NOTE
    Namespace in Imports field not imported from: ‘base’
     All declared Imports should be used.
Flavors: r-devel-linux-x86_64-fedora-clang, r-devel-linux-x86_64-fedora-gcc, r-patched-solaris-x86, r-release-osx-x86_64

Version: 1.0.0
Check: whether package can be installed
Result: ERROR
    Installation failed.
Flavor: r-oldrel-osx-x86_64