CRAN Package Check Results for Package rfviz

Last updated on 2019-06-15 21:54:43 CEST.

Flavor Version Tinstall Tcheck Ttotal Status Flags
r-devel-linux-x86_64-debian-clang 1.0.0 2.30 26.55 28.85 OK
r-devel-linux-x86_64-debian-gcc 1.0.0 1.96 22.28 24.24 OK
r-devel-linux-x86_64-fedora-clang 1.0.0 37.10 NOTE
r-devel-linux-x86_64-fedora-gcc 1.0.0 35.86 NOTE
r-devel-windows-ix86+x86_64 1.0.0 11.00 76.00 87.00 OK
r-patched-linux-x86_64 1.0.0 2.38 27.72 30.10 OK
r-patched-solaris-x86 1.0.0 62.00 NOTE
r-release-linux-x86_64 1.0.0 2.21 27.72 29.93 OK
r-release-windows-ix86+x86_64 1.0.0 7.00 74.00 81.00 OK
r-release-osx-x86_64 1.0.0 NOTE
r-oldrel-windows-ix86+x86_64 1.0.0 5.00 73.00 78.00 OK
r-oldrel-osx-x86_64 1.0.0 NOTE

Check Details

Version: 1.0.0
Check: dependencies in R code
Result: NOTE
    Namespace in Imports field not imported from: ‘base’
     All declared Imports should be used.
Flavors: r-devel-linux-x86_64-fedora-clang, r-devel-linux-x86_64-fedora-gcc, r-patched-solaris-x86, r-release-osx-x86_64, r-oldrel-osx-x86_64