CRAN Package Check Results for Package restlos

Last updated on 2019-09-20 01:47:53 CEST.

Flavor Version Tinstall Tcheck Ttotal Status Flags
r-devel-linux-x86_64-debian-clang 0.2-2 5.54 34.55 40.09 OK
r-devel-linux-x86_64-debian-gcc 0.2-2 3.98 28.10 32.08 OK
r-devel-linux-x86_64-fedora-clang 0.2-2 48.94 OK
r-devel-linux-x86_64-fedora-gcc 0.2-2 48.73 OK
r-devel-windows-ix86+x86_64 0.2-2 26.00 76.00 102.00 OK
r-patched-linux-x86_64 0.2-2 3.85 34.99 38.84 OK
r-patched-solaris-x86 0.2-2 78.80 OK
r-release-linux-x86_64 0.2-2 4.10 35.98 40.08 OK
r-release-windows-ix86+x86_64 0.2-2 16.00 74.00 90.00 OK
r-release-osx-x86_64 0.2-2 WARN
r-oldrel-windows-ix86+x86_64 0.2-2 7.00 56.00 63.00 OK
r-oldrel-osx-x86_64 0.2-2 OK

Check Details

Version: 0.2-2
Check: whether package can be installed
Result: WARN
    Found the following significant warnings:
     Warning: 'rgl_init' failed, running with rgl.useNULL = TRUE
Flavor: r-release-osx-x86_64