CRAN Package Check Results for Package relations

Last updated on 2018-09-26 08:48:27 CEST.

Flavor Version Tinstall Tcheck Ttotal Status Flags
r-devel-linux-x86_64-debian-clang 0.6-8 6.97 71.76 78.73 OK
r-devel-linux-x86_64-debian-gcc 0.6-8 7.30 54.85 62.15 NOTE
r-devel-linux-x86_64-fedora-clang 0.6-8 96.45 NOTE
r-devel-linux-x86_64-fedora-gcc 0.6-8 93.85 NOTE
r-devel-windows-ix86+x86_64 0.6-8 15.00 89.00 104.00 NOTE
r-patched-linux-x86_64 0.6-8 6.83 68.36 75.19 OK
r-patched-solaris-x86 0.6-8 125.40 NOTE
r-release-linux-x86_64 0.6-8 8.03 69.22 77.25 OK
r-release-windows-ix86+x86_64 0.6-8 13.00 117.00 130.00 NOTE
r-release-osx-x86_64 0.6-8 NOTE
r-oldrel-windows-ix86+x86_64 0.6-8 5.00 117.00 122.00 NOTE
r-oldrel-osx-x86_64 0.6-8 NOTE

Check Details

Version: 0.6-8
Check: package dependencies
Result: NOTE
    Package which this enhances but not available for checking: ‘seriation’
Flavor: r-devel-linux-x86_64-debian-gcc

Version: 0.6-8
Check: package dependencies
Result: NOTE
    Package which this enhances but not available for checking: ‘Rcplex’
Flavors: r-devel-linux-x86_64-fedora-clang, r-devel-linux-x86_64-fedora-gcc, r-devel-windows-ix86+x86_64, r-release-windows-ix86+x86_64, r-oldrel-windows-ix86+x86_64

Version: 0.6-8
Check: package dependencies
Result: NOTE
    Package suggested but not available for checking: ‘Rsymphony’
    
    Package which this enhances but not available for checking: ‘Rcplex’
Flavors: r-patched-solaris-x86, r-release-osx-x86_64, r-oldrel-osx-x86_64