CRAN Package Check Results for Package relations

Last updated on 2018-12-12 09:47:46 CET.

Flavor Version Tinstall Tcheck Ttotal Status Flags
r-devel-linux-x86_64-debian-clang 0.6-8 9.32 72.48 81.80 OK
r-devel-linux-x86_64-debian-gcc 0.6-8 7.79 55.67 63.46 OK
r-devel-linux-x86_64-fedora-clang 0.6-8 94.95 NOTE
r-devel-linux-x86_64-fedora-gcc 0.6-8 92.63 NOTE
r-devel-windows-ix86+x86_64 0.6-8 15.00 84.00 99.00 NOTE
r-patched-linux-x86_64 0.6-8 7.11 69.12 76.23 OK
r-patched-solaris-x86 0.6-8 127.10 NOTE
r-release-linux-x86_64 0.6-8 9.01 68.42 77.43 OK
r-release-windows-ix86+x86_64 0.6-8 17.00 76.00 93.00 NOTE
r-release-osx-x86_64 0.6-8 NOTE
r-oldrel-windows-ix86+x86_64 0.6-8 4.00 126.00 130.00 NOTE
r-oldrel-osx-x86_64 0.6-8 NOTE

Check Details

Version: 0.6-8
Check: package dependencies
Result: NOTE
    Package which this enhances but not available for checking: ‘Rcplex’
Flavors: r-devel-linux-x86_64-fedora-clang, r-devel-linux-x86_64-fedora-gcc, r-devel-windows-ix86+x86_64, r-release-windows-ix86+x86_64, r-oldrel-windows-ix86+x86_64

Version: 0.6-8
Check: package dependencies
Result: NOTE
    Package suggested but not available for checking: ‘Rsymphony’
    
    Package which this enhances but not available for checking: ‘Rcplex’
Flavors: r-patched-solaris-x86, r-release-osx-x86_64, r-oldrel-osx-x86_64