CRAN Package Check Results for Package recluster

Last updated on 2017-12-15 15:48:33 CET.

Flavor Version Tinstall Tcheck Ttotal Status Flags
r-devel-linux-x86_64-debian-clang 2.8 4.23 73.49 77.72 NOTE
r-devel-linux-x86_64-debian-gcc 2.8 3.61 58.32 61.93 NOTE
r-devel-linux-x86_64-fedora-clang 2.8 96.69 NOTE
r-devel-linux-x86_64-fedora-gcc 2.8 97.58 NOTE
r-devel-windows-ix86+x86_64 2.8 10.00 93.00 103.00 NOTE
r-patched-linux-x86_64 2.8 4.93 81.80 86.73 NOTE
r-patched-solaris-x86 2.8 148.20 NOTE
r-release-linux-x86_64 2.8 4.45 82.37 86.82 NOTE
r-release-windows-ix86+x86_64 2.8 11.00 82.00 93.00 NOTE
r-release-osx-x86_64 2.8 NOTE
r-oldrel-windows-ix86+x86_64 2.8 11.00 108.00 119.00 NOTE
r-oldrel-osx-x86_64 2.8 NOTE

Check Details

Version: 2.8
Check: R code for possible problems
Result: NOTE
    beta.pd.utils: no visible global function definition for ‘combn’
    dist.mat: no visible global function definition for ‘as.dist’
    recluster.boot: no visible global function definition for ‘hclust’
    recluster.cons: no visible global function definition for ‘hclust’
    recluster.cons: no visible global function definition for ‘as.dist’
    recluster.cons: no visible global function definition for ‘median’
    recluster.expl.diss: no visible global function definition for
     ‘reorder’
    recluster.group.col: no visible global function definition for
     ‘aggregate’
    recluster.hist: no visible global function definition for ‘hist’
    recluster.identify.nodes: no visible global function definition for
     ‘complete.cases’
    recluster.identify.nodes: no visible global function definition for
     ‘aggregate’
    recluster.identify.nodes : x: no visible global function definition for
     ‘aggregate’
    recluster.identify.nodes: no visible global function definition for
     ‘plot’
    recluster.identify.nodes: no visible global function definition for
     ‘lines’
    recluster.identify.nodes: no visible global function definition for
     ‘points’
    recluster.line: no visible global function definition for ‘dist’
    recluster.line: no visible global function definition for ‘lm’
    recluster.node.strength: no visible global function definition for
     ‘hclust’
    recluster.plot: no visible global function definition for ‘plot’
    recluster.plot.col: no visible global function definition for ‘plot’
    recluster.plot.col: no visible global function definition for ‘rgb’
    recluster.plot.col: no visible global function definition for ‘points’
    recluster.plot.matrix: no visible global function definition for ‘plot’
    recluster.plot.matrix: no visible global function definition for ‘grey’
    recluster.plot.matrix: no visible global function definition for ‘rect’
    recluster.plot.sites.col: no visible global function definition for
     ‘plot’
    recluster.plot.sites.col: no visible global function definition for
     ‘rgb’
    recluster.plot.sites.col: no visible global function definition for
     ‘points’
    recluster.region: no visible global function definition for ‘as.dist’
    recluster.region: no visible global function definition for ‘hclust’
    recluster.region: no visible global function definition for ‘cutree’
    recluster.test.dist: no visible global function definition for ‘dist’
    recluster.test.dist: no visible global function definition for ‘points’
    Undefined global functions or variables:
     aggregate as.dist combn complete.cases cutree dist grey hclust hist
     lines lm median plot points rect reorder rgb
    Consider adding
     importFrom("grDevices", "grey", "rgb")
     importFrom("graphics", "hist", "lines", "plot", "points", "rect")
     importFrom("stats", "aggregate", "as.dist", "complete.cases", "cutree",
     "dist", "hclust", "lm", "median", "reorder")
     importFrom("utils", "combn")
    to your NAMESPACE file.
Flavors: r-devel-linux-x86_64-debian-clang, r-devel-linux-x86_64-debian-gcc, r-devel-linux-x86_64-fedora-clang, r-devel-linux-x86_64-fedora-gcc, r-devel-windows-ix86+x86_64, r-patched-linux-x86_64, r-patched-solaris-x86, r-release-linux-x86_64, r-release-windows-ix86+x86_64, r-release-osx-x86_64, r-oldrel-windows-ix86+x86_64, r-oldrel-osx-x86_64