CRAN Package Check Results for Package rdoc

Last updated on 2019-09-24 10:51:30 CEST.

Flavor Version Tinstall Tcheck Ttotal Status Flags
r-devel-linux-x86_64-debian-clang 0.1.0 3.87 32.43 36.30 OK
r-devel-linux-x86_64-debian-gcc 0.1.0 3.01 24.94 27.95 OK
r-devel-linux-x86_64-fedora-clang 0.1.0 41.88 NOTE
r-devel-linux-x86_64-fedora-gcc 0.1.0 41.32 NOTE
r-devel-windows-ix86+x86_64 0.1.0 10.00 71.00 81.00 OK
r-patched-linux-x86_64 0.1.0 3.19 31.53 34.72 OK
r-patched-solaris-x86 0.1.0 61.50 NOTE
r-release-linux-x86_64 0.1.0 3.01 30.25 33.26 OK
r-release-windows-ix86+x86_64 0.1.0 7.00 69.00 76.00 OK
r-release-osx-x86_64 0.1.0 NOTE
r-oldrel-windows-ix86+x86_64 0.1.0 3.00 49.00 52.00 OK
r-oldrel-osx-x86_64 0.1.0 NOTE

Check Details

Version: 0.1.0
Check: dependencies in R code
Result: NOTE
    Namespace in Imports field not imported from: ‘R6’
     All declared Imports should be used.
Flavors: r-devel-linux-x86_64-fedora-clang, r-devel-linux-x86_64-fedora-gcc, r-patched-solaris-x86, r-release-osx-x86_64, r-oldrel-osx-x86_64