CRAN Package Check Results for Package rdetools

Last updated on 2020-01-22 14:48:47 CET.

Flavor Version Tinstall Tcheck Ttotal Status Flags
r-devel-linux-x86_64-debian-clang 1.0 2.73 25.98 28.71 NOTE
r-devel-linux-x86_64-debian-gcc 1.0 2.11 20.36 22.47 NOTE
r-devel-linux-x86_64-fedora-clang 1.0 35.36 NOTE
r-devel-linux-x86_64-fedora-gcc 1.0 34.37 NOTE
r-devel-windows-ix86+x86_64 1.0 9.00 49.00 58.00 NOTE
r-devel-windows-ix86+x86_64-gcc8 1.0 5.00 50.00 55.00 NOTE
r-patched-linux-x86_64 1.0 1.71 24.45 26.16 NOTE
r-patched-solaris-x86 1.0 49.20 NOTE
r-release-linux-x86_64 1.0 2.10 24.27 26.37 NOTE
r-release-windows-ix86+x86_64 1.0 5.00 50.00 55.00 NOTE
r-release-osx-x86_64 1.0 NOTE
r-oldrel-windows-ix86+x86_64 1.0 3.00 34.00 37.00 NOTE
r-oldrel-osx-x86_64 1.0 NOTE

Check Details

Version: 1.0
Check: R code for possible problems
Result: NOTE
    distimage: no visible binding for global variable 'terrain.colors'
    distimage: no visible global function definition for 'filled.contour'
    distimage: no visible global function definition for 'title'
    distimage: no visible global function definition for 'axis'
    distimage: no visible global function definition for 'lines'
    drawkpc: no visible global function definition for 'plot'
    drawkpc: no visible global function definition for 'segments'
    drawkpc: no visible global function definition for 'lines'
    modelimage: no visible binding for global variable 'topo.colors'
    modelimage: no visible global function definition for 'filled.contour'
    modelimage: no visible global function definition for 'title'
    modelimage: no visible global function definition for 'axis'
    modelimage: no visible global function definition for 'lines'
    sincdata: no visible global function definition for 'runif'
    sincdata: no visible global function definition for 'rnorm'
    Undefined global functions or variables:
     axis filled.contour lines plot rnorm runif segments terrain.colors
     title topo.colors
    Consider adding
     importFrom("grDevices", "terrain.colors", "topo.colors")
     importFrom("graphics", "axis", "filled.contour", "lines", "plot",
     "segments", "title")
     importFrom("stats", "rnorm", "runif")
    to your NAMESPACE file.
Flavors: r-devel-linux-x86_64-debian-clang, r-devel-linux-x86_64-debian-gcc, r-devel-linux-x86_64-fedora-clang, r-devel-linux-x86_64-fedora-gcc, r-devel-windows-ix86+x86_64, r-devel-windows-ix86+x86_64-gcc8, r-patched-linux-x86_64, r-patched-solaris-x86, r-release-linux-x86_64, r-release-windows-ix86+x86_64, r-release-osx-x86_64, r-oldrel-windows-ix86+x86_64, r-oldrel-osx-x86_64