CRAN Package Check Results for Package rdetools

Last updated on 2019-08-25 19:48:20 CEST.

Flavor Version Tinstall Tcheck Ttotal Status Flags
r-devel-linux-x86_64-debian-clang 1.0 2.38 25.36 27.74 NOTE
r-devel-linux-x86_64-debian-gcc 1.0 1.99 19.93 21.92 NOTE
r-devel-linux-x86_64-fedora-clang 1.0 32.78 NOTE
r-devel-linux-x86_64-fedora-gcc 1.0 33.11 NOTE
r-devel-windows-ix86+x86_64 1.0 10.00 34.00 44.00 NOTE
r-patched-linux-x86_64 1.0 1.94 24.82 26.76 NOTE
r-patched-solaris-x86 1.0 52.30 NOTE
r-release-linux-x86_64 1.0 2.02 24.59 26.61 NOTE
r-release-windows-ix86+x86_64 1.0 5.00 50.00 55.00 NOTE
r-release-osx-x86_64 1.0 NOTE
r-oldrel-windows-ix86+x86_64 1.0 3.00 34.00 37.00 NOTE
r-oldrel-osx-x86_64 1.0 NOTE

Check Details

Version: 1.0
Check: R code for possible problems
Result: NOTE
    distimage: no visible binding for global variable 'terrain.colors'
    distimage: no visible global function definition for 'filled.contour'
    distimage: no visible global function definition for 'title'
    distimage: no visible global function definition for 'axis'
    distimage: no visible global function definition for 'lines'
    drawkpc: no visible global function definition for 'plot'
    drawkpc: no visible global function definition for 'segments'
    drawkpc: no visible global function definition for 'lines'
    modelimage: no visible binding for global variable 'topo.colors'
    modelimage: no visible global function definition for 'filled.contour'
    modelimage: no visible global function definition for 'title'
    modelimage: no visible global function definition for 'axis'
    modelimage: no visible global function definition for 'lines'
    sincdata: no visible global function definition for 'runif'
    sincdata: no visible global function definition for 'rnorm'
    Undefined global functions or variables:
     axis filled.contour lines plot rnorm runif segments terrain.colors
     title topo.colors
    Consider adding
     importFrom("grDevices", "terrain.colors", "topo.colors")
     importFrom("graphics", "axis", "filled.contour", "lines", "plot",
     "segments", "title")
     importFrom("stats", "rnorm", "runif")
    to your NAMESPACE file.
Flavors: r-devel-linux-x86_64-debian-clang, r-devel-linux-x86_64-debian-gcc, r-devel-linux-x86_64-fedora-clang, r-devel-linux-x86_64-fedora-gcc, r-devel-windows-ix86+x86_64, r-patched-linux-x86_64, r-patched-solaris-x86, r-release-linux-x86_64, r-release-windows-ix86+x86_64, r-release-osx-x86_64, r-oldrel-windows-ix86+x86_64, r-oldrel-osx-x86_64