CRAN Package Check Results for Package rcreds

Last updated on 2019-09-19 16:48:08 CEST.

Flavor Version Tinstall Tcheck Ttotal Status Flags
r-devel-linux-x86_64-debian-clang 0.6.6 2.41 22.20 24.61 NOTE
r-devel-linux-x86_64-debian-gcc 0.6.6 1.97 18.16 20.13 NOTE
r-devel-linux-x86_64-fedora-clang 0.6.6 30.97 NOTE
r-devel-linux-x86_64-fedora-gcc 0.6.6 31.53 NOTE
r-devel-windows-ix86+x86_64 0.6.6 9.00 38.00 47.00 NOTE
r-patched-linux-x86_64 0.6.6 2.06 22.35 24.41 OK
r-patched-solaris-x86 0.6.6 47.40 NOTE
r-release-linux-x86_64 0.6.6 1.72 22.56 24.28 OK
r-release-windows-ix86+x86_64 0.6.6 6.00 49.00 55.00 OK
r-release-osx-x86_64 0.6.6 NOTE
r-oldrel-windows-ix86+x86_64 0.6.6 3.00 35.00 38.00 OK
r-oldrel-osx-x86_64 0.6.6 NOTE

Check Details

Version: 0.6.6
Check: package vignettes
Result: NOTE
    Package vignette with placeholder title 'Vignette Title':
     'rcreds.Rmd'
Flavors: r-devel-linux-x86_64-debian-clang, r-devel-linux-x86_64-debian-gcc, r-devel-windows-ix86+x86_64

Version: 0.6.6
Check: dependencies in R code
Result: NOTE
    Namespaces in Imports field not imported from:
     ‘stats’ ‘utils’
     All declared Imports should be used.
Flavors: r-devel-linux-x86_64-fedora-clang, r-devel-linux-x86_64-fedora-gcc, r-patched-solaris-x86, r-release-osx-x86_64, r-oldrel-osx-x86_64