CRAN Package Check Results for Package rattle

Last updated on 2017-12-14 12:47:11 CET.

Flavor Version Tinstall Tcheck Ttotal Status Flags
r-devel-linux-x86_64-debian-clang 5.1.0 2.39 72.61 75.00 OK
r-devel-linux-x86_64-debian-gcc 5.1.0 1.92 64.29 66.21 OK
r-devel-linux-x86_64-fedora-clang 5.1.0 92.44 OK
r-devel-linux-x86_64-fedora-gcc 5.1.0 90.31 OK
r-devel-windows-ix86+x86_64 5.1.0 41.00 6.00 47.00 ERROR
r-patched-linux-x86_64 5.1.0 2.33 88.23 90.56 OK
r-patched-solaris-x86 5.1.0 119.90 NOTE
r-release-linux-x86_64 5.1.0 2.50 88.32 90.82 OK
r-release-windows-ix86+x86_64 5.1.0 24.00 6.00 30.00 ERROR
r-release-osx-x86_64 5.1.0 ERROR
r-oldrel-windows-ix86+x86_64 5.1.0 22.00 6.00 28.00 ERROR
r-oldrel-osx-x86_64 5.1.0 NOTE

Check Details

Version: 5.1.0
Check: whether package can be installed
Result: ERROR
    Installation failed.
Flavors: r-devel-windows-ix86+x86_64, r-release-windows-ix86+x86_64, r-oldrel-windows-ix86+x86_64

Version: 5.1.0
Check: package dependencies
Result: NOTE
    Package suggested but not available for checking: ‘rggobi’
Flavor: r-patched-solaris-x86

Version: 5.1.0
Check: package dependencies
Result: ERROR
    Packages required but not available: ‘RGtk2’ ‘cairoDevice’
    
    Packages suggested but not available for checking:
     ‘gWidgetsRGtk2’ ‘playwith’ ‘rggobi’ ‘RGtk2Extras’
    
    See section ‘The DESCRIPTION file’ in the ‘Writing R Extensions’
    manual.
Flavor: r-release-osx-x86_64

Version: 5.1.0
Check: package dependencies
Result: NOTE
    Packages suggested but not available for checking: ‘rggobi’ ‘RODBC’
Flavor: r-oldrel-osx-x86_64