CRAN Package Check Results for Package rattle

Last updated on 2019-08-26 10:48:25 CEST.

Flavor Version Tinstall Tcheck Ttotal Status Flags
r-devel-linux-x86_64-debian-clang 5.2.0 20.14 77.99 98.13 NOTE
r-devel-linux-x86_64-debian-gcc 5.2.0 19.50 61.16 80.66 NOTE
r-devel-linux-x86_64-fedora-clang 5.2.0 121.98 NOTE
r-devel-linux-x86_64-fedora-gcc 5.2.0 117.60 NOTE
r-devel-windows-ix86+x86_64 5.2.0 41.00 87.00 128.00 NOTE
r-patched-linux-x86_64 5.2.0 19.36 79.34 98.70 NOTE
r-patched-solaris-x86 5.2.0 144.30 NOTE
r-release-linux-x86_64 5.2.0 19.91 78.45 98.36 NOTE
r-release-windows-ix86+x86_64 5.2.0 38.00 111.00 149.00 NOTE
r-release-osx-x86_64 5.2.0 NOTE
r-oldrel-windows-ix86+x86_64 5.2.0 32.00 110.00 142.00 NOTE
r-oldrel-osx-x86_64 5.2.0 NOTE

Check Details

Version: 5.2.0
Check: package dependencies
Result: NOTE
    Packages suggested but not available for checking:
     'playwith', 'RGtk2Extras'
Flavors: r-devel-linux-x86_64-debian-clang, r-devel-linux-x86_64-debian-gcc, r-devel-linux-x86_64-fedora-clang, r-devel-linux-x86_64-fedora-gcc, r-patched-linux-x86_64, r-release-linux-x86_64

Version: 5.2.0
Check: installed package size
Result: NOTE
     installed size is 7.9Mb
     sub-directories of 1Mb or more:
     data 3.0Mb
     etc 1.9Mb
     po 1.2Mb
Flavors: r-devel-linux-x86_64-fedora-clang, r-devel-windows-ix86+x86_64, r-patched-solaris-x86, r-release-windows-ix86+x86_64, r-release-osx-x86_64, r-oldrel-windows-ix86+x86_64, r-oldrel-osx-x86_64

Version: 5.2.0
Check: package dependencies
Result: NOTE
    Packages suggested but not available for checking:
     'playwith', 'rggobi', 'RGtk2Extras'
Flavor: r-patched-solaris-x86

Version: 5.2.0
Check: package dependencies
Result: NOTE
    Packages suggested but not available for checking:
     'cairoDevice', 'gWidgetsRGtk2', 'playwith', 'rggobi', 'RGtk2',
     'RGtk2Extras'
Flavor: r-release-osx-x86_64

Version: 5.2.0
Check: package dependencies
Result: NOTE
    Packages suggested but not available for checking:
     ‘cairoDevice’ ‘gWidgetsRGtk2’ ‘playwith’ ‘rggobi’ ‘RGtk2’
     ‘RGtk2Extras’
Flavor: r-oldrel-osx-x86_64