CRAN Package Check Results for Package rattle

Last updated on 2020-01-20 23:50:21 CET.

Flavor Version Tinstall Tcheck Ttotal Status Flags
r-devel-linux-x86_64-debian-clang 5.3.0 22.24 88.04 110.28 OK
r-devel-linux-x86_64-debian-gcc 5.3.0 19.17 66.12 85.29 OK
r-devel-linux-x86_64-fedora-clang 5.3.0 133.22 NOTE
r-devel-linux-x86_64-fedora-gcc 5.3.0 128.28 OK
r-devel-windows-ix86+x86_64 5.3.0 42.00 131.00 173.00 NOTE
r-devel-windows-ix86+x86_64-gcc8 5.3.0 32.00 126.00 158.00 NOTE
r-patched-linux-x86_64 5.3.0 20.99 78.28 99.27 OK
r-patched-solaris-x86 5.3.0 154.20 NOTE
r-release-linux-x86_64 5.3.0 19.20 78.66 97.86 OK
r-release-windows-ix86+x86_64 5.3.0 25.00 106.00 131.00 NOTE
r-release-osx-x86_64 5.3.0 NOTE
r-oldrel-windows-ix86+x86_64 5.3.0 25.00 85.00 110.00 NOTE
r-oldrel-osx-x86_64 5.3.0 NOTE

Check Details

Version: 5.3.0
Check: package dependencies
Result: NOTE
    Suggests orphaned packages:
     ‘biclust’ ‘gplots’
Flavor: r-devel-linux-x86_64-fedora-clang

Version: 5.3.0
Check: installed package size
Result: NOTE
     installed size is 8.3Mb
     sub-directories of 1Mb or more:
     data 3.5Mb
     etc 1.9Mb
     po 1.2Mb
Flavors: r-devel-linux-x86_64-fedora-clang, r-devel-windows-ix86+x86_64, r-devel-windows-ix86+x86_64-gcc8, r-patched-solaris-x86, r-release-windows-ix86+x86_64, r-release-osx-x86_64, r-oldrel-windows-ix86+x86_64, r-oldrel-osx-x86_64

Version: 5.3.0
Check: package dependencies
Result: NOTE
    Package suggested but not available for checking: ‘rggobi’
Flavors: r-patched-solaris-x86, r-release-osx-x86_64, r-oldrel-osx-x86_64

Version: 5.3.0
Check: dependencies in R code
Result: NOTE
    No protocol specified
    
    (R:15712): Gtk-WARNING **: gtk_disable_setlocale() must be called before gtk_init()
    No protocol specified
Flavor: r-release-osx-x86_64

Version: 5.3.0
Check: dependencies in R code
Result: NOTE
    No protocol specified
    
    (R:13664): Gtk-WARNING **: gtk_disable_setlocale() must be called before gtk_init()
    No protocol specified
Flavor: r-oldrel-osx-x86_64